{"id":1681,"date":"2025-10-24T09:46:55","date_gmt":"2025-10-24T07:46:55","guid":{"rendered":"https:\/\/www.koching.se\/?post_type=product&#038;p=1681"},"modified":"2025-10-24T15:45:42","modified_gmt":"2025-10-24T13:45:42","slug":"att-leda-fran-insikt-till-handling","status":"publish","type":"product","link":"https:\/\/www.koching.se\/?product=att-leda-fran-insikt-till-handling","title":{"rendered":"Att leda &#8211; Fr\u00e5n insikt till handling"},"content":{"rendered":"<p>H\u00e4r kan du l\u00e4sa mer om mig, Mikael Laweby, f\u00f6rfattare till kapitlet,\u00a0<em>&#8221;S\u00e4tt f\u00e4rg p\u00e5 dig och din omgivning och utveckla samtidigt ditt sj\u00e4lvledarskap&#8221;<\/em>\u00a0<a href=\"https:\/\/www.koching.se\/?page_id=333\" target=\"_blank\" rel=\"noopener noreferrer nofollow\">&gt;&gt;&gt;<\/a><\/p>\n<p>Best\u00e4ll ditt exemplar idag och ta det f\u00f6rsta steget mot en mer framg\u00e5ngsrik och balanserad tillvaro.<\/p>\n<p>&nbsp;<\/p>\n<p>Projektledaren f\u00f6r boken &#8221;<strong>Att leda \u2013 Fr\u00e5n insikt till handling&#8221;,\u00a0<\/strong>s\u00e4ger f\u00f6ljande<strong>:\u00a0<em>&#8221;<\/em><\/strong><em>A\u0308r du den fo\u0308retagare du beho\u0308ver vara fo\u0308r att fa\u030a de resultat du vill ha eller ha\u030aller din sja\u0308lvbild dig tillbaka? Tar du in andras perspektiv fo\u0308r att se nya affa\u0308rsmo\u0308jligheter eller ga\u0308ller \u201dbusiness as usual\u201d? Prioriterar du la\u030angsiktig ha\u030allbarhet eller lockar den kortsiktiga framga\u030angen mer? I \u201dAtt leda \u2013 Fra\u030an insikt till handling\u201d ger 25 entrepreno\u0308rer sina perspektiv pa\u030a sja\u0308lvledarskap och ledarskap fo\u0308r att leda dig mot framga\u030ang och personlig utveckling.<\/em><\/p>\n<p>&nbsp;<\/p>\n<p><em>Fo\u0308rfattarna delar med sig av erfarenheter, insikter och la\u0308rdomar fra\u030an livet som fo\u0308retagare och ger dig en ma\u030angfacetterad och unik inblick i olika va\u0308gar mot ett mer medvetet sja\u0308lvledarskap och ledarskap. Med sina personliga bera\u0308ttelser visar de att alla har potentialen att leda sig sja\u0308lva.<\/em><\/p>\n<p>&nbsp;<\/p>\n<p><em>Ta del av verktyg, metoder, teorier och utvecklingsresor som inspirerar dig att skifta fokus och att go\u0308ra sma\u030a, ha\u030allbara fo\u0308ra\u0308ndringar som sta\u0308rker din inre ledare och maximerar ditt potentiella inflytande.&#8221;<\/em><\/p>\n<p>&nbsp;<\/p>\n<p>&nbsp;<\/p>\n<p>\u201dAtt leda \u2013 Fra\u030an insikt till handling\u201d a\u0308r den fo\u0308rsta boken i en serie om ledarskap fo\u0308r entrepreno\u0308rer.<\/p>\n","protected":false},"excerpt":{"rendered":"<p>\u00c4r du redo att uppt\u00e4cka hemligheterna bakom framg\u00e5ngsrikt sj\u00e4lvledarskap? Jag \u00e4r stolt \u00f6ver att vara en av 25 medf\u00f6rfattare till en banbrytande bok som utforskar detta \u00e4mne. Mitt kapitel om DISC-modellen ger dig konkreta verktyg f\u00f6r att f\u00f6rb\u00e4ttra ditt sj\u00e4lvledarskap. Genom att f\u00f6rst\u00e5 och till\u00e4mpa DISC kan du inte bara f\u00f6rb\u00e4ttra ditt arbetsliv, utan ocks\u00e5 ditt personliga liv. Du f\u00e5r \u00e4ven tips p\u00e5 hur du kan utveckla din kommunikation med andra.<\/p>\n","protected":false},"featured_media":1682,"template":"","meta":[],"product_brand":[],"product_cat":[19],"product_tag":[],"class_list":{"0":"post-1681","1":"product","2":"type-product","3":"status-publish","4":"has-post-thumbnail","6":"product_cat-okategoriserad","8":"first","9":"instock","10":"taxable","11":"shipping-taxable","12":"purchasable","13":"product-type-simple"},"yoast_head":"<!-- This site is optimized with the Yoast SEO plugin v27.3 - https:\/\/yoast.com\/product\/yoast-seo-wordpress\/ -->\n<title>Att leda - Fr\u00e5n insikt till handling - Koching<\/title>\n<meta name=\"description\" content=\"\u00c4r du redo att uppt\u00e4cka hemligheterna bakom framg\u00e5ngsrikt sj\u00e4lvledarskap? Jag \u00e4r stolt \u00f6ver att vara en av 25 medf\u00f6rfattare till en banbrytande bok som utforskar detta \u00e4mne.\" \/>\n<meta name=\"robots\" content=\"index, follow, max-snippet:-1, max-image-preview:large, max-video-preview:-1\" \/>\n<link rel=\"canonical\" href=\"https:\/\/www.koching.se\/?product=att-leda-fran-insikt-till-handling\" \/>\n<meta property=\"og:locale\" content=\"sv_SE\" \/>\n<meta property=\"og:type\" content=\"article\" \/>\n<meta property=\"og:title\" content=\"Att leda - Fr\u00e5n insikt till handling - Koching\" \/>\n<meta property=\"og:description\" content=\"\u00c4r du redo att uppt\u00e4cka hemligheterna bakom framg\u00e5ngsrikt sj\u00e4lvledarskap? Jag \u00e4r stolt \u00f6ver att vara en av 25 medf\u00f6rfattare till en banbrytande bok som utforskar detta \u00e4mne.\" \/>\n<meta property=\"og:url\" content=\"https:\/\/www.koching.se\/?product=att-leda-fran-insikt-till-handling\" \/>\n<meta property=\"og:site_name\" content=\"Koching\" \/>\n<meta property=\"article:publisher\" content=\"https:\/\/www.facebook.com\/koching.4.personlig.utveckling\" \/>\n<meta property=\"article:modified_time\" content=\"2025-10-24T13:45:42+00:00\" \/>\n<meta property=\"og:image\" content=\"https:\/\/www.koching.se\/wp-content\/uploads\/2025\/10\/Att-leda-insight.webp\" \/>\n\t<meta property=\"og:image:width\" content=\"900\" \/>\n\t<meta property=\"og:image:height\" content=\"690\" \/>\n\t<meta property=\"og:image:type\" content=\"image\/webp\" \/>\n<meta name=\"twitter:card\" content=\"summary_large_image\" \/>\n<meta name=\"twitter:label1\" content=\"Ber\u00e4knad l\u00e4stid\" \/>\n\t<meta name=\"twitter:data1\" content=\"2 minuter\" \/>\n<script type=\"application\/ld+json\" class=\"yoast-schema-graph\">{\"@context\":\"https:\\\/\\\/schema.org\",\"@graph\":[{\"@type\":\"WebPage\",\"@id\":\"https:\\\/\\\/www.koching.se\\\/?product=att-leda-fran-insikt-till-handling\",\"url\":\"https:\\\/\\\/www.koching.se\\\/?product=att-leda-fran-insikt-till-handling\",\"name\":\"Att leda - Fr\u00e5n insikt till handling - Koching\",\"isPartOf\":{\"@id\":\"https:\\\/\\\/www.koching.se\\\/#website\"},\"primaryImageOfPage\":{\"@id\":\"https:\\\/\\\/www.koching.se\\\/?product=att-leda-fran-insikt-till-handling#primaryimage\"},\"image\":{\"@id\":\"https:\\\/\\\/www.koching.se\\\/?product=att-leda-fran-insikt-till-handling#primaryimage\"},\"thumbnailUrl\":\"https:\\\/\\\/www.koching.se\\\/wp-content\\\/uploads\\\/2025\\\/10\\\/Att-leda-insight.webp\",\"datePublished\":\"2025-10-24T07:46:55+00:00\",\"dateModified\":\"2025-10-24T13:45:42+00:00\",\"description\":\"\u00c4r du redo att uppt\u00e4cka hemligheterna bakom framg\u00e5ngsrikt sj\u00e4lvledarskap? Jag \u00e4r stolt \u00f6ver att vara en av 25 medf\u00f6rfattare till en banbrytande bok som utforskar detta \u00e4mne.\",\"breadcrumb\":{\"@id\":\"https:\\\/\\\/www.koching.se\\\/?product=att-leda-fran-insikt-till-handling#breadcrumb\"},\"inLanguage\":\"sv-SE\",\"potentialAction\":[{\"@type\":\"ReadAction\",\"target\":[\"https:\\\/\\\/www.koching.se\\\/?product=att-leda-fran-insikt-till-handling\"]}]},{\"@type\":\"ImageObject\",\"inLanguage\":\"sv-SE\",\"@id\":\"https:\\\/\\\/www.koching.se\\\/?product=att-leda-fran-insikt-till-handling#primaryimage\",\"url\":\"https:\\\/\\\/www.koching.se\\\/wp-content\\\/uploads\\\/2025\\\/10\\\/Att-leda-insight.webp\",\"contentUrl\":\"https:\\\/\\\/www.koching.se\\\/wp-content\\\/uploads\\\/2025\\\/10\\\/Att-leda-insight.webp\",\"width\":900,\"height\":690},{\"@type\":\"BreadcrumbList\",\"@id\":\"https:\\\/\\\/www.koching.se\\\/?product=att-leda-fran-insikt-till-handling#breadcrumb\",\"itemListElement\":[{\"@type\":\"ListItem\",\"position\":1,\"name\":\"Hem\",\"item\":\"https:\\\/\\\/www.koching.se\\\/\"},{\"@type\":\"ListItem\",\"position\":2,\"name\":\"Butik\",\"item\":\"https:\\\/\\\/www.koching.se\\\/?page_id=1623\"},{\"@type\":\"ListItem\",\"position\":3,\"name\":\"Att leda &#8211; Fr\u00e5n insikt till handling\"}]},{\"@type\":\"WebSite\",\"@id\":\"https:\\\/\\\/www.koching.se\\\/#website\",\"url\":\"https:\\\/\\\/www.koching.se\\\/\",\"name\":\"Koching AB\",\"description\":\"\",\"publisher\":{\"@id\":\"https:\\\/\\\/www.koching.se\\\/#organization\"},\"potentialAction\":[{\"@type\":\"SearchAction\",\"target\":{\"@type\":\"EntryPoint\",\"urlTemplate\":\"https:\\\/\\\/www.koching.se\\\/?s={search_term_string}\"},\"query-input\":{\"@type\":\"PropertyValueSpecification\",\"valueRequired\":true,\"valueName\":\"search_term_string\"}}],\"inLanguage\":\"sv-SE\"},{\"@type\":\"Organization\",\"@id\":\"https:\\\/\\\/www.koching.se\\\/#organization\",\"name\":\"Koching AB\",\"url\":\"https:\\\/\\\/www.koching.se\\\/\",\"logo\":{\"@type\":\"ImageObject\",\"inLanguage\":\"sv-SE\",\"@id\":\"https:\\\/\\\/www.koching.se\\\/#\\\/schema\\\/logo\\\/image\\\/\",\"url\":\"https:\\\/\\\/www.koching.se\\\/wp-content\\\/uploads\\\/2023\\\/07\\\/site_logo.png\",\"contentUrl\":\"https:\\\/\\\/www.koching.se\\\/wp-content\\\/uploads\\\/2023\\\/07\\\/site_logo.png\",\"width\":1200,\"height\":352,\"caption\":\"Koching AB\"},\"image\":{\"@id\":\"https:\\\/\\\/www.koching.se\\\/#\\\/schema\\\/logo\\\/image\\\/\"},\"sameAs\":[\"https:\\\/\\\/www.facebook.com\\\/koching.4.personlig.utveckling\",\"https:\\\/\\\/www.linkedin.com\\\/company\\\/koching-ab\"]}]}<\/script>\n<!-- \/ Yoast SEO plugin. -->","yoast_head_json":{"title":"Att leda - Fr\u00e5n insikt till handling - Koching","description":"\u00c4r du redo att uppt\u00e4cka hemligheterna bakom framg\u00e5ngsrikt sj\u00e4lvledarskap? Jag \u00e4r stolt \u00f6ver att vara en av 25 medf\u00f6rfattare till en banbrytande bok som utforskar detta \u00e4mne.","robots":{"index":"index","follow":"follow","max-snippet":"max-snippet:-1","max-image-preview":"max-image-preview:large","max-video-preview":"max-video-preview:-1"},"canonical":"https:\/\/www.koching.se\/?product=att-leda-fran-insikt-till-handling","og_locale":"sv_SE","og_type":"article","og_title":"Att leda - Fr\u00e5n insikt till handling - Koching","og_description":"\u00c4r du redo att uppt\u00e4cka hemligheterna bakom framg\u00e5ngsrikt sj\u00e4lvledarskap? Jag \u00e4r stolt \u00f6ver att vara en av 25 medf\u00f6rfattare till en banbrytande bok som utforskar detta \u00e4mne.","og_url":"https:\/\/www.koching.se\/?product=att-leda-fran-insikt-till-handling","og_site_name":"Koching","article_publisher":"https:\/\/www.facebook.com\/koching.4.personlig.utveckling","article_modified_time":"2025-10-24T13:45:42+00:00","og_image":[{"width":900,"height":690,"url":"https:\/\/www.koching.se\/wp-content\/uploads\/2025\/10\/Att-leda-insight.webp","type":"image\/webp"}],"twitter_card":"summary_large_image","twitter_misc":{"Ber\u00e4knad l\u00e4stid":"2 minuter"},"schema":{"@context":"https:\/\/schema.org","@graph":[{"@type":"WebPage","@id":"https:\/\/www.koching.se\/?product=att-leda-fran-insikt-till-handling","url":"https:\/\/www.koching.se\/?product=att-leda-fran-insikt-till-handling","name":"Att leda - Fr\u00e5n insikt till handling - Koching","isPartOf":{"@id":"https:\/\/www.koching.se\/#website"},"primaryImageOfPage":{"@id":"https:\/\/www.koching.se\/?product=att-leda-fran-insikt-till-handling#primaryimage"},"image":{"@id":"https:\/\/www.koching.se\/?product=att-leda-fran-insikt-till-handling#primaryimage"},"thumbnailUrl":"https:\/\/www.koching.se\/wp-content\/uploads\/2025\/10\/Att-leda-insight.webp","datePublished":"2025-10-24T07:46:55+00:00","dateModified":"2025-10-24T13:45:42+00:00","description":"\u00c4r du redo att uppt\u00e4cka hemligheterna bakom framg\u00e5ngsrikt sj\u00e4lvledarskap? Jag \u00e4r stolt \u00f6ver att vara en av 25 medf\u00f6rfattare till en banbrytande bok som utforskar detta \u00e4mne.","breadcrumb":{"@id":"https:\/\/www.koching.se\/?product=att-leda-fran-insikt-till-handling#breadcrumb"},"inLanguage":"sv-SE","potentialAction":[{"@type":"ReadAction","target":["https:\/\/www.koching.se\/?product=att-leda-fran-insikt-till-handling"]}]},{"@type":"ImageObject","inLanguage":"sv-SE","@id":"https:\/\/www.koching.se\/?product=att-leda-fran-insikt-till-handling#primaryimage","url":"https:\/\/www.koching.se\/wp-content\/uploads\/2025\/10\/Att-leda-insight.webp","contentUrl":"https:\/\/www.koching.se\/wp-content\/uploads\/2025\/10\/Att-leda-insight.webp","width":900,"height":690},{"@type":"BreadcrumbList","@id":"https:\/\/www.koching.se\/?product=att-leda-fran-insikt-till-handling#breadcrumb","itemListElement":[{"@type":"ListItem","position":1,"name":"Hem","item":"https:\/\/www.koching.se\/"},{"@type":"ListItem","position":2,"name":"Butik","item":"https:\/\/www.koching.se\/?page_id=1623"},{"@type":"ListItem","position":3,"name":"Att leda &#8211; Fr\u00e5n insikt till handling"}]},{"@type":"WebSite","@id":"https:\/\/www.koching.se\/#website","url":"https:\/\/www.koching.se\/","name":"Koching AB","description":"","publisher":{"@id":"https:\/\/www.koching.se\/#organization"},"potentialAction":[{"@type":"SearchAction","target":{"@type":"EntryPoint","urlTemplate":"https:\/\/www.koching.se\/?s={search_term_string}"},"query-input":{"@type":"PropertyValueSpecification","valueRequired":true,"valueName":"search_term_string"}}],"inLanguage":"sv-SE"},{"@type":"Organization","@id":"https:\/\/www.koching.se\/#organization","name":"Koching AB","url":"https:\/\/www.koching.se\/","logo":{"@type":"ImageObject","inLanguage":"sv-SE","@id":"https:\/\/www.koching.se\/#\/schema\/logo\/image\/","url":"https:\/\/www.koching.se\/wp-content\/uploads\/2023\/07\/site_logo.png","contentUrl":"https:\/\/www.koching.se\/wp-content\/uploads\/2023\/07\/site_logo.png","width":1200,"height":352,"caption":"Koching AB"},"image":{"@id":"https:\/\/www.koching.se\/#\/schema\/logo\/image\/"},"sameAs":["https:\/\/www.facebook.com\/koching.4.personlig.utveckling","https:\/\/www.linkedin.com\/company\/koching-ab"]}]}},"_links":{"self":[{"href":"https:\/\/www.koching.se\/index.php?rest_route=\/wp\/v2\/product\/1681","targetHints":{"allow":["GET"]}}],"collection":[{"href":"https:\/\/www.koching.se\/index.php?rest_route=\/wp\/v2\/product"}],"about":[{"href":"https:\/\/www.koching.se\/index.php?rest_route=\/wp\/v2\/types\/product"}],"wp:featuredmedia":[{"embeddable":true,"href":"https:\/\/www.koching.se\/index.php?rest_route=\/wp\/v2\/media\/1682"}],"wp:attachment":[{"href":"https:\/\/www.koching.se\/index.php?rest_route=%2Fwp%2Fv2%2Fmedia&parent=1681"}],"wp:term":[{"taxonomy":"product_brand","embeddable":true,"href":"https:\/\/www.koching.se\/index.php?rest_route=%2Fwp%2Fv2%2Fproduct_brand&post=1681"},{"taxonomy":"product_cat","embeddable":true,"href":"https:\/\/www.koching.se\/index.php?rest_route=%2Fwp%2Fv2%2Fproduct_cat&post=1681"},{"taxonomy":"product_tag","embeddable":true,"href":"https:\/\/www.koching.se\/index.php?rest_route=%2Fwp%2Fv2%2Fproduct_tag&post=1681"}],"curies":[{"name":"wp","href":"https:\/\/api.w.org\/{rel}","templated":true}]}}