{"id":760,"date":"2024-03-06T19:33:12","date_gmt":"2024-03-06T18:33:12","guid":{"rendered":"https:\/\/www.koching.se\/?page_id=760"},"modified":"2025-05-27T14:11:06","modified_gmt":"2025-05-27T12:11:06","slug":"elementor-760","status":"publish","type":"page","link":"https:\/\/www.koching.se\/?page_id=760","title":{"rendered":"Workshop"},"content":{"rendered":"\t\t<div data-elementor-type=\"wp-page\" data-elementor-id=\"760\" class=\"elementor elementor-760\">\n\t\t\t\t<div class=\"elementor-element elementor-element-58bbf0d e-flex e-con-boxed e-con e-parent\" data-id=\"58bbf0d\" data-element_type=\"container\" data-e-type=\"container\">\n\t\t\t\t\t<div class=\"e-con-inner\">\n\t\t\t\t<div class=\"elementor-element elementor-element-0631e5c elementor-widget elementor-widget-heading\" data-id=\"0631e5c\" data-element_type=\"widget\" data-e-type=\"widget\" data-widget_type=\"heading.default\">\n\t\t\t\t<div class=\"elementor-widget-container\">\n\t\t\t\t\t<h1 class=\"elementor-heading-title elementor-size-default\">Workshop - S\u00e4tt f\u00e4rg p\u00e5 dig och din omgivning <\/h1>\t\t\t\t<\/div>\n\t\t\t\t<\/div>\n\t\t\t\t\t<\/div>\n\t\t\t\t<\/div>\n\t\t<div class=\"elementor-element elementor-element-2d8ab40 e-flex e-con-boxed e-con e-parent\" data-id=\"2d8ab40\" data-element_type=\"container\" data-e-type=\"container\">\n\t\t\t\t\t<div class=\"e-con-inner\">\n\t\t<div class=\"elementor-element elementor-element-39af521 e-con-full e-flex e-con e-child\" data-id=\"39af521\" data-element_type=\"container\" data-e-type=\"container\">\n\t\t\t\t<div class=\"elementor-element elementor-element-f8a99f6 elementor-widget elementor-widget-text-editor\" data-id=\"f8a99f6\" data-element_type=\"widget\" data-e-type=\"widget\" data-widget_type=\"text-editor.default\">\n\t\t\t\t<div class=\"elementor-widget-container\">\n\t\t\t\t\t\t\t\t\t<p>V\u00e4lkommen till workshop som \u00e4ven \u00e4r en resa av sj\u00e4lvuppt\u00e4ckt och \u00f6kad f\u00f6rst\u00e5else f\u00f6r dina kollegor. D\u00e4r vi belyser de nycklar som l\u00e5ser upp din fulla potential. V\u00e5r exklusiva workshop ger dig verktygen att f\u00f6rst\u00e5 inte bara ditt eget beteende utan ocks\u00e5 hur du kan skapa en harmonisk och produktiv arbetsmilj\u00f6 genom \u00f6kad medvetenhet om dina medarbetares egenskaper.<\/p>\n<h2><strong>En workshop som utforskar ditt inre jag<\/strong><\/h2>\n<ul>\n<li style=\"list-style-type: none;\">\n<ul>\n<li>Genom v\u00e5r unika metod g\u00e5r vi bortom ytliga observationer och hj\u00e4lper dig att verkligen f\u00f6rst\u00e5 och omfamna ditt eget agerande. Detta \u00e4r grunden f\u00f6r att skapa en starkare och mer autentisk professionell persona.<\/li>\n<\/ul>\n<\/li>\n<\/ul>\n<ul>\n<li><strong>St\u00e4rk teamets samarbete<\/strong>\n<ul>\n<li>Uppt\u00e4ck hur kunskap om dina kollegors personlighetstyper kan \u00f6ka samarbete och skapa starkare arbetsrelationer. Genom att f\u00f6rst\u00e5 varandra p\u00e5 djupet kan ni tillsammans skapa en arbetsplats d\u00e4r alla k\u00e4nner sig sedda och h\u00f6rs.<\/li>\n<\/ul>\n<\/li>\n<\/ul>\n<ul>\n<li><strong>Optimerad kommunikation<\/strong>\n<ul>\n<li>En \u00f6kad sj\u00e4lvk\u00e4nnedom och medvetenhet om andras preferenser ger dig nycklarna till att optimera kommunikationen. N\u00e4r medarbetarna kommunicerar effektivt blomstrar inte bara relationerna, utan \u00e4ven produktiviteten.<\/li>\n<\/ul>\n<\/li>\n<\/ul>\n<ul>\n<li><strong>Skapa en engagerad arbetsmilj\u00f6<\/strong>\n<ul>\n<li>F\u00f6rest\u00e4ll dig en arbetsplats d\u00e4r varje individ \u00e4r engagerad och f\u00f6rst\u00e5r varandras styrkor. Detta \u00e4r m\u00f6jligt genom att anv\u00e4nda insikter fr\u00e5n v\u00e5r analys f\u00f6r att skapa en arbetsmilj\u00f6 som inspirerar och driver framg\u00e5ng.<\/li>\n<\/ul>\n<\/li>\n<li><strong>F\u00f6rb\u00e4ttra kundn\u00f6jdheten<\/strong>\n<ul>\n<li>En f\u00f6retagskultur som fokuserar p\u00e5 att f\u00f6rst\u00e5 och uppskatta varje individ, b\u00e5de internt och externt, skapar en positiv atmosf\u00e4r. Detta avspeglas i en f\u00f6rb\u00e4ttrad kund n\u00f6jdhet och lojalitet.<\/li>\n<\/ul>\n<\/li>\n<\/ul>\t\t\t\t\t\t\t\t<\/div>\n\t\t\t\t<\/div>\n\t\t\t\t<\/div>\n\t\t<div class=\"elementor-element elementor-element-0e17009 e-con-full e-flex e-con e-child\" data-id=\"0e17009\" data-element_type=\"container\" data-e-type=\"container\">\n\t\t\t\t<div class=\"elementor-element elementor-element-6b5a2be elementor-widget elementor-widget-image\" data-id=\"6b5a2be\" data-element_type=\"widget\" data-e-type=\"widget\" data-widget_type=\"image.default\">\n\t\t\t\t<div class=\"elementor-widget-container\">\n\t\t\t\t\t\t\t\t\t\t\t\t\t\t\t<img fetchpriority=\"high\" decoding=\"async\" width=\"500\" height=\"500\" src=\"https:\/\/www.koching.se\/wp-content\/uploads\/2024\/03\/3d-copy.webp\" class=\"attachment-large size-large wp-image-787\" alt=\"koching workshop och coaching\" srcset=\"https:\/\/www.koching.se\/wp-content\/uploads\/2024\/03\/3d-copy.webp 500w, https:\/\/www.koching.se\/wp-content\/uploads\/2024\/03\/3d-copy-300x300.webp 300w, https:\/\/www.koching.se\/wp-content\/uploads\/2024\/03\/3d-copy-150x150.webp 150w\" sizes=\"(max-width: 500px) 100vw, 500px\" \/>\t\t\t\t\t\t\t\t\t\t\t\t\t\t\t<\/div>\n\t\t\t\t<\/div>\n\t\t\t\t<\/div>\n\t\t\t\t\t<\/div>\n\t\t\t\t<\/div>\n\t\t<div class=\"elementor-element elementor-element-72a0b27 e-flex e-con-boxed e-con e-parent\" data-id=\"72a0b27\" data-element_type=\"container\" data-e-type=\"container\">\n\t\t\t\t\t<div class=\"e-con-inner\">\n\t\t\t\t<div class=\"elementor-element elementor-element-daa37f6 elementor-widget elementor-widget-button\" data-id=\"daa37f6\" data-element_type=\"widget\" data-e-type=\"widget\" data-widget_type=\"button.default\">\n\t\t\t\t<div class=\"elementor-widget-container\">\n\t\t\t\t\t\t\t\t\t<div class=\"elementor-button-wrapper\">\n\t\t\t\t\t<a class=\"elementor-button elementor-button-link elementor-size-sm\" href=\"https:\/\/www.koching.se\/wp-content\/uploads\/2025\/03\/Satt-farg-pa.-Seminarie-3.pdf\">\n\t\t\t\t\t\t<span class=\"elementor-button-content-wrapper\">\n\t\t\t\t\t\t\t\t\t<span class=\"elementor-button-text\">Ladda ner broschyren \"S\u00e4tt f\u00e4rg p\u00e5 dig och din omgivning!\"<\/span>\n\t\t\t\t\t<\/span>\n\t\t\t\t\t<\/a>\n\t\t\t\t<\/div>\n\t\t\t\t\t\t\t\t<\/div>\n\t\t\t\t<\/div>\n\t\t\t\t\t<\/div>\n\t\t\t\t<\/div>\n\t\t<div class=\"elementor-element elementor-element-7aac3f3 e-flex e-con-boxed e-con e-parent\" data-id=\"7aac3f3\" data-element_type=\"container\" data-e-type=\"container\">\n\t\t\t\t\t<div class=\"e-con-inner\">\n\t\t\t\t<div class=\"elementor-element elementor-element-cbec234 elementor-widget elementor-widget-text-editor\" data-id=\"cbec234\" data-element_type=\"widget\" data-e-type=\"widget\" data-widget_type=\"text-editor.default\">\n\t\t\t\t<div class=\"elementor-widget-container\">\n\t\t\t\t\t\t\t\t\t<h5 style=\"text-align: center;\"><strong>N\u00e4r varje individ f\u00f6rst\u00e5r och uppskattar varandras olikheter skapas en dynamisk och framg\u00e5ngsrik arbetskultur.<\/strong><\/h5><p><strong>Ni kommer att f\u00e5:<\/strong><\/p><ul><li>\u00d6vning f\u00f6r att se skillnader i grupparbete med olika beteendestilar<\/li><li>Seminare om DISC<\/li><li>Samtliga deltagare f\u00e5r sin egen DISC analys och har m\u00f6jlighet att l\u00e4sa den och st\u00e4lla fr\u00e5gor<\/li><li>\u00d6vningar att f\u00f6r att f\u00f6rst\u00e5 sig sj\u00e4lv, medarbetare och kunder<\/li><\/ul><p>\u00a0<\/p><p>Vi kommer g\u00f6ra \u00f6vningar av olika slag som g\u00f6r att ni \u00e4r aktiva och utvecklas under detta semeinarie. Det \u00e4r bla:<\/p><ul><li>Team\u00f6vningar<\/li><li>Kommunikations\u00f6vningar<\/li><li>Sj\u00e4lvledarskap<\/li><li>\u201dVart finns jag p\u00e5 mattan?\u201d<\/li><\/ul><p>\u00a0<\/p><p><strong>Denna workshop \u00e4r f\u00f6r:<\/strong><\/p><ul><li>Team<\/li><li>Projekt<\/li><li>S\u00e4ljare<\/li><li>Ledningsgrupper<\/li><li>Kundsupport<\/li><li>Chefer<\/li><li>Projektledare<\/li><li>Teamledare<\/li><li>Arbetsgrupper<\/li><li>Kort sagt: m\u00e5nga som har med kommunikation internet och externt och vill \u00f6ka sin arbetsmilj\u00f6 och sin n\u00f6jd kund index.<p><strong>Beg\u00e4r offert!<\/strong><\/p><\/li><\/ul>\t\t\t\t\t\t\t\t<\/div>\n\t\t\t\t<\/div>\n\t\t\t\t\t<\/div>\n\t\t\t\t<\/div>\n\t\t<div class=\"elementor-element elementor-element-53a026a e-flex e-con-boxed e-con e-parent\" data-id=\"53a026a\" data-element_type=\"container\" data-e-type=\"container\">\n\t\t\t\t\t<div class=\"e-con-inner\">\n\t\t\t\t<div class=\"elementor-element elementor-element-c8d95b5 elementor-widget elementor-widget-text-editor\" data-id=\"c8d95b5\" data-element_type=\"widget\" data-e-type=\"widget\" data-widget_type=\"text-editor.default\">\n\t\t\t\t<div class=\"elementor-widget-container\">\n\t\t\t\t\t\t\t\t\t<p><img decoding=\"async\" class=\"aligncenter size-full wp-image-1142\" src=\"https:\/\/www.koching.se\/wp-content\/uploads\/2024\/10\/laweby-linkedin.png\" alt=\"Mikael Laweby p\u00e5 linkedin samt p\u00e5 Diploma Utbildning\" width=\"993\" height=\"308\" srcset=\"https:\/\/www.koching.se\/wp-content\/uploads\/2024\/10\/laweby-linkedin.png 993w, https:\/\/www.koching.se\/wp-content\/uploads\/2024\/10\/laweby-linkedin-300x93.png 300w, https:\/\/www.koching.se\/wp-content\/uploads\/2024\/10\/laweby-linkedin-768x238.png 768w\" sizes=\"(max-width: 993px) 100vw, 993px\" \/><\/p><h3 style=\"text-align: center;\"><strong>F\u00f6lj mig och Koching p\u00e5 sociala medier!\u00a0<\/strong><\/h3><p style=\"text-align: center;\"><strong><a href=\"https:\/\/www.linkedin.com\/in\/mikaellaweby\/\">Mikael Laweby p\u00e5 LinkedIn<\/a> \u2013 <a href=\"https:\/\/www.linkedin.com\/company\/koching-ab\/\">Koching p\u00e5 LinkedIn<\/a> \u2013 <a href=\"https:\/\/www.facebook.com\/profile.php?id=61568883440801\">Koching p\u00e5 Facebook<\/a> \u2013 <a href=\"https:\/\/www.instagram.com\/koching.se\/\">Koching p\u00e5 Instagram<\/a> \u2013 <a href=\"https:\/\/www.youtube.com\/@mikaellawebykoching4758\">Koching p\u00e5 Youtube\u00a0<\/a><\/strong><\/p><p style=\"text-align: center;\">Du kan \u00e4ven\u00a0<strong><a href=\"https:\/\/www.koching.se\/?page_id=254\">kontakta mig<\/a>\u00a0<\/strong>samt best\u00e4lla boken\u00a0<strong><a href=\"https:\/\/kurs.koching.se\/att-leda\">Att leda \u2013 Fr\u00e5n insikt till handling<\/a><\/strong>\u00a0och boken\u00a0<a href=\"https:\/\/www.koching.se\/?page_id=330\"><strong>Din GPS f\u00f6r personlig utveckling<\/strong><\/a>\u00a0direkt fr\u00e5n mig.<\/p>\t\t\t\t\t\t\t\t<\/div>\n\t\t\t\t<\/div>\n\t\t\t\t\t<\/div>\n\t\t\t\t<\/div>\n\t\t\t\t<\/div>\n\t\t","protected":false},"excerpt":{"rendered":"<p>Workshop &#8211; S\u00e4tt f\u00e4rg p\u00e5 dig och din omgivning V\u00e4lkommen till workshop som \u00e4ven \u00e4r en resa av sj\u00e4lvuppt\u00e4ckt och \u00f6kad f\u00f6rst\u00e5else f\u00f6r dina kollegor. D\u00e4r vi belyser de nycklar som l\u00e5ser upp din fulla potential. V\u00e5r exklusiva workshop ger dig verktygen att f\u00f6rst\u00e5 inte bara ditt eget beteende utan ocks\u00e5 hur du kan skapa [&hellip;]<\/p>\n","protected":false},"author":2,"featured_media":0,"parent":0,"menu_order":0,"comment_status":"closed","ping_status":"closed","template":"elementor_header_footer","meta":{"footnotes":""},"class_list":["post-760","page","type-page","status-publish","hentry"],"yoast_head":"<!-- This site is optimized with the Yoast SEO plugin v27.5 - https:\/\/yoast.com\/product\/yoast-seo-wordpress\/ -->\n<title>Workshop - Koching<\/title>\n<meta name=\"description\" content=\"Med v\u00e5r exklusiva workshop l\u00e5ter vi dig skapa en harmonisk och produktiv arbetsmilj\u00f6 genom \u00f6kad medvetenhet om dina medarbetares egenskaper!\" \/>\n<meta name=\"robots\" content=\"index, follow, max-snippet:-1, max-image-preview:large, max-video-preview:-1\" \/>\n<link rel=\"canonical\" href=\"https:\/\/www.koching.se\/?page_id=760\" \/>\n<meta property=\"og:locale\" content=\"sv_SE\" \/>\n<meta property=\"og:type\" content=\"article\" \/>\n<meta property=\"og:title\" content=\"Workshop - Koching\" \/>\n<meta property=\"og:description\" content=\"Med v\u00e5r exklusiva workshop l\u00e5ter vi dig skapa en harmonisk och produktiv arbetsmilj\u00f6 genom \u00f6kad medvetenhet om dina medarbetares egenskaper!\" \/>\n<meta property=\"og:url\" content=\"https:\/\/www.koching.se\/?page_id=760\" \/>\n<meta property=\"og:site_name\" content=\"Koching\" \/>\n<meta property=\"article:publisher\" content=\"https:\/\/www.facebook.com\/koching.4.personlig.utveckling\" \/>\n<meta property=\"article:modified_time\" content=\"2025-05-27T12:11:06+00:00\" \/>\n<meta property=\"og:image\" content=\"https:\/\/www.koching.se\/wp-content\/uploads\/2024\/03\/3d-copy.webp\" \/>\n<meta name=\"twitter:card\" content=\"summary_large_image\" \/>\n<script type=\"application\/ld+json\" class=\"yoast-schema-graph\">{\"@context\":\"https:\\\/\\\/schema.org\",\"@graph\":[{\"@type\":\"WebPage\",\"@id\":\"https:\\\/\\\/www.koching.se\\\/?page_id=760\",\"url\":\"https:\\\/\\\/www.koching.se\\\/?page_id=760\",\"name\":\"Workshop - Koching\",\"isPartOf\":{\"@id\":\"https:\\\/\\\/www.koching.se\\\/#website\"},\"primaryImageOfPage\":{\"@id\":\"https:\\\/\\\/www.koching.se\\\/?page_id=760#primaryimage\"},\"image\":{\"@id\":\"https:\\\/\\\/www.koching.se\\\/?page_id=760#primaryimage\"},\"thumbnailUrl\":\"https:\\\/\\\/www.koching.se\\\/wp-content\\\/uploads\\\/2024\\\/03\\\/3d-copy.webp\",\"datePublished\":\"2024-03-06T18:33:12+00:00\",\"dateModified\":\"2025-05-27T12:11:06+00:00\",\"description\":\"Med v\u00e5r exklusiva workshop l\u00e5ter vi dig skapa en harmonisk och produktiv arbetsmilj\u00f6 genom \u00f6kad medvetenhet om dina medarbetares egenskaper!\",\"breadcrumb\":{\"@id\":\"https:\\\/\\\/www.koching.se\\\/?page_id=760#breadcrumb\"},\"inLanguage\":\"sv-SE\",\"potentialAction\":[{\"@type\":\"ReadAction\",\"target\":[\"https:\\\/\\\/www.koching.se\\\/?page_id=760\"]}]},{\"@type\":\"ImageObject\",\"inLanguage\":\"sv-SE\",\"@id\":\"https:\\\/\\\/www.koching.se\\\/?page_id=760#primaryimage\",\"url\":\"https:\\\/\\\/www.koching.se\\\/wp-content\\\/uploads\\\/2024\\\/03\\\/3d-copy.webp\",\"contentUrl\":\"https:\\\/\\\/www.koching.se\\\/wp-content\\\/uploads\\\/2024\\\/03\\\/3d-copy.webp\",\"width\":500,\"height\":500,\"caption\":\"koching workshop och coaching\"},{\"@type\":\"BreadcrumbList\",\"@id\":\"https:\\\/\\\/www.koching.se\\\/?page_id=760#breadcrumb\",\"itemListElement\":[{\"@type\":\"ListItem\",\"position\":1,\"name\":\"Hem\",\"item\":\"https:\\\/\\\/www.koching.se\\\/\"},{\"@type\":\"ListItem\",\"position\":2,\"name\":\"Workshop\"}]},{\"@type\":\"WebSite\",\"@id\":\"https:\\\/\\\/www.koching.se\\\/#website\",\"url\":\"https:\\\/\\\/www.koching.se\\\/\",\"name\":\"Koching AB\",\"description\":\"\",\"publisher\":{\"@id\":\"https:\\\/\\\/www.koching.se\\\/#organization\"},\"potentialAction\":[{\"@type\":\"SearchAction\",\"target\":{\"@type\":\"EntryPoint\",\"urlTemplate\":\"https:\\\/\\\/www.koching.se\\\/?s={search_term_string}\"},\"query-input\":{\"@type\":\"PropertyValueSpecification\",\"valueRequired\":true,\"valueName\":\"search_term_string\"}}],\"inLanguage\":\"sv-SE\"},{\"@type\":\"Organization\",\"@id\":\"https:\\\/\\\/www.koching.se\\\/#organization\",\"name\":\"Koching AB\",\"url\":\"https:\\\/\\\/www.koching.se\\\/\",\"logo\":{\"@type\":\"ImageObject\",\"inLanguage\":\"sv-SE\",\"@id\":\"https:\\\/\\\/www.koching.se\\\/#\\\/schema\\\/logo\\\/image\\\/\",\"url\":\"https:\\\/\\\/www.koching.se\\\/wp-content\\\/uploads\\\/2023\\\/07\\\/site_logo.png\",\"contentUrl\":\"https:\\\/\\\/www.koching.se\\\/wp-content\\\/uploads\\\/2023\\\/07\\\/site_logo.png\",\"width\":1200,\"height\":352,\"caption\":\"Koching AB\"},\"image\":{\"@id\":\"https:\\\/\\\/www.koching.se\\\/#\\\/schema\\\/logo\\\/image\\\/\"},\"sameAs\":[\"https:\\\/\\\/www.facebook.com\\\/koching.4.personlig.utveckling\",\"https:\\\/\\\/www.linkedin.com\\\/company\\\/koching-ab\"]}]}<\/script>\n<!-- \/ Yoast SEO plugin. -->","yoast_head_json":{"title":"Workshop - Koching","description":"Med v\u00e5r exklusiva workshop l\u00e5ter vi dig skapa en harmonisk och produktiv arbetsmilj\u00f6 genom \u00f6kad medvetenhet om dina medarbetares egenskaper!","robots":{"index":"index","follow":"follow","max-snippet":"max-snippet:-1","max-image-preview":"max-image-preview:large","max-video-preview":"max-video-preview:-1"},"canonical":"https:\/\/www.koching.se\/?page_id=760","og_locale":"sv_SE","og_type":"article","og_title":"Workshop - Koching","og_description":"Med v\u00e5r exklusiva workshop l\u00e5ter vi dig skapa en harmonisk och produktiv arbetsmilj\u00f6 genom \u00f6kad medvetenhet om dina medarbetares egenskaper!","og_url":"https:\/\/www.koching.se\/?page_id=760","og_site_name":"Koching","article_publisher":"https:\/\/www.facebook.com\/koching.4.personlig.utveckling","article_modified_time":"2025-05-27T12:11:06+00:00","og_image":[{"url":"https:\/\/www.koching.se\/wp-content\/uploads\/2024\/03\/3d-copy.webp","type":"","width":"","height":""}],"twitter_card":"summary_large_image","schema":{"@context":"https:\/\/schema.org","@graph":[{"@type":"WebPage","@id":"https:\/\/www.koching.se\/?page_id=760","url":"https:\/\/www.koching.se\/?page_id=760","name":"Workshop - Koching","isPartOf":{"@id":"https:\/\/www.koching.se\/#website"},"primaryImageOfPage":{"@id":"https:\/\/www.koching.se\/?page_id=760#primaryimage"},"image":{"@id":"https:\/\/www.koching.se\/?page_id=760#primaryimage"},"thumbnailUrl":"https:\/\/www.koching.se\/wp-content\/uploads\/2024\/03\/3d-copy.webp","datePublished":"2024-03-06T18:33:12+00:00","dateModified":"2025-05-27T12:11:06+00:00","description":"Med v\u00e5r exklusiva workshop l\u00e5ter vi dig skapa en harmonisk och produktiv arbetsmilj\u00f6 genom \u00f6kad medvetenhet om dina medarbetares egenskaper!","breadcrumb":{"@id":"https:\/\/www.koching.se\/?page_id=760#breadcrumb"},"inLanguage":"sv-SE","potentialAction":[{"@type":"ReadAction","target":["https:\/\/www.koching.se\/?page_id=760"]}]},{"@type":"ImageObject","inLanguage":"sv-SE","@id":"https:\/\/www.koching.se\/?page_id=760#primaryimage","url":"https:\/\/www.koching.se\/wp-content\/uploads\/2024\/03\/3d-copy.webp","contentUrl":"https:\/\/www.koching.se\/wp-content\/uploads\/2024\/03\/3d-copy.webp","width":500,"height":500,"caption":"koching workshop och coaching"},{"@type":"BreadcrumbList","@id":"https:\/\/www.koching.se\/?page_id=760#breadcrumb","itemListElement":[{"@type":"ListItem","position":1,"name":"Hem","item":"https:\/\/www.koching.se\/"},{"@type":"ListItem","position":2,"name":"Workshop"}]},{"@type":"WebSite","@id":"https:\/\/www.koching.se\/#website","url":"https:\/\/www.koching.se\/","name":"Koching AB","description":"","publisher":{"@id":"https:\/\/www.koching.se\/#organization"},"potentialAction":[{"@type":"SearchAction","target":{"@type":"EntryPoint","urlTemplate":"https:\/\/www.koching.se\/?s={search_term_string}"},"query-input":{"@type":"PropertyValueSpecification","valueRequired":true,"valueName":"search_term_string"}}],"inLanguage":"sv-SE"},{"@type":"Organization","@id":"https:\/\/www.koching.se\/#organization","name":"Koching AB","url":"https:\/\/www.koching.se\/","logo":{"@type":"ImageObject","inLanguage":"sv-SE","@id":"https:\/\/www.koching.se\/#\/schema\/logo\/image\/","url":"https:\/\/www.koching.se\/wp-content\/uploads\/2023\/07\/site_logo.png","contentUrl":"https:\/\/www.koching.se\/wp-content\/uploads\/2023\/07\/site_logo.png","width":1200,"height":352,"caption":"Koching AB"},"image":{"@id":"https:\/\/www.koching.se\/#\/schema\/logo\/image\/"},"sameAs":["https:\/\/www.facebook.com\/koching.4.personlig.utveckling","https:\/\/www.linkedin.com\/company\/koching-ab"]}]}},"_links":{"self":[{"href":"https:\/\/www.koching.se\/index.php?rest_route=\/wp\/v2\/pages\/760","targetHints":{"allow":["GET"]}}],"collection":[{"href":"https:\/\/www.koching.se\/index.php?rest_route=\/wp\/v2\/pages"}],"about":[{"href":"https:\/\/www.koching.se\/index.php?rest_route=\/wp\/v2\/types\/page"}],"author":[{"embeddable":true,"href":"https:\/\/www.koching.se\/index.php?rest_route=\/wp\/v2\/users\/2"}],"replies":[{"embeddable":true,"href":"https:\/\/www.koching.se\/index.php?rest_route=%2Fwp%2Fv2%2Fcomments&post=760"}],"version-history":[{"count":77,"href":"https:\/\/www.koching.se\/index.php?rest_route=\/wp\/v2\/pages\/760\/revisions"}],"predecessor-version":[{"id":1617,"href":"https:\/\/www.koching.se\/index.php?rest_route=\/wp\/v2\/pages\/760\/revisions\/1617"}],"wp:attachment":[{"href":"https:\/\/www.koching.se\/index.php?rest_route=%2Fwp%2Fv2%2Fmedia&parent=760"}],"curies":[{"name":"wp","href":"https:\/\/api.w.org\/{rel}","templated":true}]}}