{"id":368,"date":"2023-07-09T16:34:51","date_gmt":"2023-07-09T14:34:51","guid":{"rendered":"https:\/\/www.koching.se\/?page_id=368"},"modified":"2025-05-27T14:10:22","modified_gmt":"2025-05-27T12:10:22","slug":"team-manager-profile","status":"publish","type":"page","link":"https:\/\/www.koching.se\/?page_id=368","title":{"rendered":"Team Manager Profile"},"content":{"rendered":"\t\t<div data-elementor-type=\"wp-page\" data-elementor-id=\"368\" class=\"elementor elementor-368\">\n\t\t\t\t<div class=\"elementor-element elementor-element-5881157 e-flex e-con-boxed e-con e-parent\" data-id=\"5881157\" data-element_type=\"container\" data-e-type=\"container\">\n\t\t\t\t\t<div class=\"e-con-inner\">\n\t\t<div class=\"elementor-element elementor-element-b3851a8 e-flex e-con-boxed e-con e-child\" data-id=\"b3851a8\" data-element_type=\"container\" data-e-type=\"container\">\n\t\t\t\t\t<div class=\"e-con-inner\">\n\t\t<div class=\"elementor-element elementor-element-806c627 e-con-full e-flex e-con e-child\" data-id=\"806c627\" data-element_type=\"container\" data-e-type=\"container\">\n\t\t\t\t<div class=\"elementor-element elementor-element-2b74564 elementor-widget elementor-widget-heading\" data-id=\"2b74564\" data-element_type=\"widget\" data-e-type=\"widget\" data-widget_type=\"heading.default\">\n\t\t\t\t<div class=\"elementor-widget-container\">\n\t\t\t\t\t<h1 class=\"elementor-heading-title elementor-size-default\">Team Manager Profile<\/h1>\t\t\t\t<\/div>\n\t\t\t\t<\/div>\n\t\t\t\t<div class=\"elementor-element elementor-element-1f51f3c elementor-widget elementor-widget-text-editor\" data-id=\"1f51f3c\" data-element_type=\"widget\" data-e-type=\"widget\" data-widget_type=\"text-editor.default\">\n\t\t\t\t<div class=\"elementor-widget-container\">\n\t\t\t\t\t\t\t\t\t<p><strong>TMP \u00e4r ett unikt verktyg f\u00f6r att utveckla ett f\u00f6retags arbetsledning och team<\/strong><\/p>\t\t\t\t\t\t\t\t<\/div>\n\t\t\t\t<\/div>\n\t\t\t\t<div class=\"elementor-element elementor-element-e5515c5 elementor-widget elementor-widget-text-editor\" data-id=\"e5515c5\" data-element_type=\"widget\" data-e-type=\"widget\" data-widget_type=\"text-editor.default\">\n\t\t\t\t<div class=\"elementor-widget-container\">\n\t\t\t\t\t\t\t\t\t<p>Det erbjuder personlig feedback baserat p\u00e5 omfattande forskning om vad som faktiskt genererar personlig framg\u00e5ng och h\u00f6gkvalitativt teamarbete.<\/p><p>Team Manager Profile \u00e4r med andra ord ett rigor\u00f6st verifierat fr\u00e5geformul\u00e4r. Ett formul\u00e4r som analyseras med hj\u00e4lp av speciell programvara som sedan sammanst\u00e4ller en personlig rapport p\u00e5 4 500 ord. Rapporten kan sedan hj\u00e4lpa b\u00e5de dig och dina medarbetare att uppn\u00e5 \u00f6kade resultat<\/p>\t\t\t\t\t\t\t\t<\/div>\n\t\t\t\t<\/div>\n\t\t\t\t<div class=\"elementor-element elementor-element-c9f10dc elementor-widget elementor-widget-button\" data-id=\"c9f10dc\" data-element_type=\"widget\" data-e-type=\"widget\" data-widget_type=\"button.default\">\n\t\t\t\t<div class=\"elementor-widget-container\">\n\t\t\t\t\t\t\t\t\t<div class=\"elementor-button-wrapper\">\n\t\t\t\t\t<a class=\"elementor-button elementor-button-link elementor-size-sm\" href=\"https:\/\/www.koching.se\/wp-content\/uploads\/2025\/05\/TMP-dummy-Anders-Andersson.pdf\">\n\t\t\t\t\t\t<span class=\"elementor-button-content-wrapper\">\n\t\t\t\t\t\t\t\t\t<span class=\"elementor-button-text\">LADDA NER EXEMPELPROFIL<\/span>\n\t\t\t\t\t<\/span>\n\t\t\t\t\t<\/a>\n\t\t\t\t<\/div>\n\t\t\t\t\t\t\t\t<\/div>\n\t\t\t\t<\/div>\n\t\t\t\t<\/div>\n\t\t<div class=\"elementor-element elementor-element-70a163c e-flex e-con-boxed e-con e-child\" data-id=\"70a163c\" data-element_type=\"container\" data-e-type=\"container\">\n\t\t\t\t\t<div class=\"e-con-inner\">\n\t\t\t\t<div class=\"elementor-element elementor-element-5a1b139 elementor-widget elementor-widget-image\" data-id=\"5a1b139\" data-element_type=\"widget\" data-e-type=\"widget\" data-widget_type=\"image.default\">\n\t\t\t\t<div class=\"elementor-widget-container\">\n\t\t\t\t\t\t\t\t\t\t\t\t\t\t\t<img fetchpriority=\"high\" decoding=\"async\" width=\"300\" height=\"300\" src=\"https:\/\/www.koching.se\/wp-content\/uploads\/2023\/07\/granska-300x300-1.jpg\" class=\"attachment-large size-large wp-image-374\" alt=\"Team Manager Profile koching\" srcset=\"https:\/\/www.koching.se\/wp-content\/uploads\/2023\/07\/granska-300x300-1.jpg 300w, https:\/\/www.koching.se\/wp-content\/uploads\/2023\/07\/granska-300x300-1-150x150.jpg 150w\" sizes=\"(max-width: 300px) 100vw, 300px\" \/>\t\t\t\t\t\t\t\t\t\t\t\t\t\t\t<\/div>\n\t\t\t\t<\/div>\n\t\t\t\t\t<\/div>\n\t\t\t\t<\/div>\n\t\t\t\t\t<\/div>\n\t\t\t\t<\/div>\n\t\t<div class=\"elementor-element elementor-element-cc3a8ca e-con-full e-flex e-con e-child\" data-id=\"cc3a8ca\" data-element_type=\"container\" data-e-type=\"container\">\n\t\t<div class=\"elementor-element elementor-element-61f7116 e-con-full e-flex e-con e-child\" data-id=\"61f7116\" data-element_type=\"container\" data-e-type=\"container\" data-settings=\"{&quot;background_background&quot;:&quot;classic&quot;}\">\n\t\t\t\t<div class=\"elementor-element elementor-element-c37787a elementor-widget elementor-widget-heading\" data-id=\"c37787a\" data-element_type=\"widget\" data-e-type=\"widget\" data-widget_type=\"heading.default\">\n\t\t\t\t<div class=\"elementor-widget-container\">\n\t\t\t\t\t<h3 class=\"elementor-heading-title elementor-size-default\">Ledarskapsutveckling<\/h3>\t\t\t\t<\/div>\n\t\t\t\t<\/div>\n\t\t\t\t<div class=\"elementor-element elementor-element-324acb1 elementor-widget elementor-widget-text-editor\" data-id=\"324acb1\" data-element_type=\"widget\" data-e-type=\"widget\" data-widget_type=\"text-editor.default\">\n\t\t\t\t<div class=\"elementor-widget-container\">\n\t\t\t\t\t\t\t\t\t<p>Team Manager Profile anv\u00e4nds bland annat f\u00f6r att berika deltagarnas insikt om eget s\u00e4tt att fungera och f\u00f6rst\u00e5 mer om de drivkrafter som styr val och f\u00f6rh\u00e5llningss\u00e4tt i arbetssituationen.\u00a0<\/p><p>Team Manager Profile fungerar d\u00e5 som en stabil bas f\u00f6r reflektioner om eget ledarskap och blir d\u00e4rmed ett st\u00f6d i den personliga utvecklingen.<\/p>\t\t\t\t\t\t\t\t<\/div>\n\t\t\t\t<\/div>\n\t\t\t\t<\/div>\n\t\t<div class=\"elementor-element elementor-element-8b6fc46 e-con-full e-flex e-con e-child\" data-id=\"8b6fc46\" data-element_type=\"container\" data-e-type=\"container\" data-settings=\"{&quot;background_background&quot;:&quot;classic&quot;}\">\n\t\t\t\t<div class=\"elementor-element elementor-element-5b3f059 elementor-widget elementor-widget-heading\" data-id=\"5b3f059\" data-element_type=\"widget\" data-e-type=\"widget\" data-widget_type=\"heading.default\">\n\t\t\t\t<div class=\"elementor-widget-container\">\n\t\t\t\t\t<h3 class=\"elementor-heading-title elementor-size-default\">Teamsutveckling<\/h3>\t\t\t\t<\/div>\n\t\t\t\t<\/div>\n\t\t\t\t<div class=\"elementor-element elementor-element-a368c03 elementor-widget elementor-widget-text-editor\" data-id=\"a368c03\" data-element_type=\"widget\" data-e-type=\"widget\" data-widget_type=\"text-editor.default\">\n\t\t\t\t<div class=\"elementor-widget-container\">\n\t\t\t\t\t\t\t\t\t<p>Det fungerar \u00e4ven mycket bra gruppst\u00f6d. F\u00f6r att utveckla sin f\u00f6rm\u00e5ga att samverka, att uppt\u00e4cka kraften och sp\u00e4nning i m\u00e4nskliga olikheter och fullt ut anv\u00e4nda den samlade kompetensen i ett arbetsteam. TMP ger en personlig profil, som ger en bild av egna arbetspreferenser, men sammantaget ocks\u00e5 en grupprofil. Med hj\u00e4lp av TMP-hjulet relateras resultatet till arbetsuppgifterna och vilka styrkor och svagheter som kan rymmas i grupprofilen i f\u00f6rh\u00e5llande till gruppens uppdrag, m\u00e5l och ambitioner. Arbetsteamet kan d\u00e5 diskutera sitt eget arbetss\u00e4tt och hur olika sidor kan f\u00f6rst\u00e4rkas eller f\u00f6rb\u00e4ttras.<\/p>\t\t\t\t\t\t\t\t<\/div>\n\t\t\t\t<\/div>\n\t\t\t\t<\/div>\n\t\t<div class=\"elementor-element elementor-element-36f56a4 e-con-full e-flex e-con e-child\" data-id=\"36f56a4\" data-element_type=\"container\" data-e-type=\"container\" data-settings=\"{&quot;background_background&quot;:&quot;classic&quot;}\">\n\t\t\t\t<div class=\"elementor-element elementor-element-3053ef5 elementor-widget elementor-widget-heading\" data-id=\"3053ef5\" data-element_type=\"widget\" data-e-type=\"widget\" data-widget_type=\"heading.default\">\n\t\t\t\t<div class=\"elementor-widget-container\">\n\t\t\t\t\t<h3 class=\"elementor-heading-title elementor-size-default\">Karri\u00e4rr\u00e5dgivning<\/h3>\t\t\t\t<\/div>\n\t\t\t\t<\/div>\n\t\t\t\t<div class=\"elementor-element elementor-element-8d1ae20 elementor-widget elementor-widget-text-editor\" data-id=\"8d1ae20\" data-element_type=\"widget\" data-e-type=\"widget\" data-widget_type=\"text-editor.default\">\n\t\t\t\t<div class=\"elementor-widget-container\">\n\t\t\t\t\t\t\t\t\t<p>F\u00f6r att skapa insikt om eget s\u00e4tt att fungera och f\u00f6rst\u00e5 mera om de drivkrafter som styr val och f\u00f6rh\u00e5llningss\u00e4tt i yrkesutvecklingen.<\/p><p>Team Manager Profile blir d\u00e5 en bas f\u00f6r reflektioner om egna styrkor och svagheter och ett st\u00f6d i den personliga utvecklingen.<\/p>\t\t\t\t\t\t\t\t<\/div>\n\t\t\t\t<\/div>\n\t\t\t\t<\/div>\n\t\t\t\t<\/div>\n\t\t\t\t\t<\/div>\n\t\t\t\t<\/div>\n\t\t<div class=\"elementor-element elementor-element-fa48f18 e-flex e-con-boxed e-con e-parent\" data-id=\"fa48f18\" data-element_type=\"container\" data-e-type=\"container\">\n\t\t\t\t\t<div class=\"e-con-inner\">\n\t\t\t\t<div class=\"elementor-element elementor-element-29829ae elementor-widget elementor-widget-text-editor\" data-id=\"29829ae\" data-element_type=\"widget\" data-e-type=\"widget\" data-widget_type=\"text-editor.default\">\n\t\t\t\t<div class=\"elementor-widget-container\">\n\t\t\t\t\t\t\t\t\t<p><img decoding=\"async\" class=\"aligncenter size-full wp-image-1142\" src=\"https:\/\/www.koching.se\/wp-content\/uploads\/2024\/10\/laweby-linkedin.png\" alt=\"Mikael Laweby p\u00e5 linkedin samt p\u00e5 Diploma Utbildning\" width=\"993\" height=\"308\" srcset=\"https:\/\/www.koching.se\/wp-content\/uploads\/2024\/10\/laweby-linkedin.png 993w, https:\/\/www.koching.se\/wp-content\/uploads\/2024\/10\/laweby-linkedin-300x93.png 300w, https:\/\/www.koching.se\/wp-content\/uploads\/2024\/10\/laweby-linkedin-768x238.png 768w\" sizes=\"(max-width: 993px) 100vw, 993px\" \/><\/p><h2 style=\"text-align: center;\"><strong>F\u00f6lj mig och Koching p\u00e5 sociala medier!\u00a0<\/strong><\/h2><p style=\"text-align: center;\"><strong><a href=\"https:\/\/www.linkedin.com\/in\/mikaellaweby\/\">Mikael Laweby p\u00e5 LinkedIn<\/a> \u2013 <a href=\"https:\/\/www.linkedin.com\/company\/koching-ab\/\">Koching p\u00e5 LinkedIn<\/a> \u2013 <a href=\"https:\/\/www.facebook.com\/profile.php?id=61568883440801\">Koching p\u00e5 Facebook<\/a> \u2013 <a href=\"https:\/\/www.instagram.com\/koching.se\/\">Koching p\u00e5 Instagram<\/a> \u2013 <a href=\"https:\/\/www.youtube.com\/@mikaellawebykoching4758\">Koching p\u00e5 Youtube\u00a0<\/a><\/strong><\/p><p style=\"text-align: center;\">Du kan \u00e4ven\u00a0<strong><a href=\"https:\/\/www.koching.se\/?page_id=254\">kontakta mig<\/a>\u00a0<\/strong>samt best\u00e4lla boken\u00a0<strong><a href=\"https:\/\/kurs.koching.se\/att-leda\">Att leda \u2013 Fr\u00e5n insikt till handling<\/a><\/strong>\u00a0och boken\u00a0<a href=\"https:\/\/www.koching.se\/?page_id=330\"><strong>Din GPS f\u00f6r personlig utveckling<\/strong><\/a>\u00a0direkt fr\u00e5n mig.<\/p>\t\t\t\t\t\t\t\t<\/div>\n\t\t\t\t<\/div>\n\t\t\t\t\t<\/div>\n\t\t\t\t<\/div>\n\t\t\t\t<\/div>\n\t\t","protected":false},"excerpt":{"rendered":"<p>Team Manager Profile TMP \u00e4r ett unikt verktyg f\u00f6r att utveckla ett f\u00f6retags arbetsledning och team Det erbjuder personlig feedback baserat p\u00e5 omfattande forskning om vad som faktiskt genererar personlig framg\u00e5ng och h\u00f6gkvalitativt teamarbete. Team Manager Profile \u00e4r med andra ord ett rigor\u00f6st verifierat fr\u00e5geformul\u00e4r. Ett formul\u00e4r som analyseras med hj\u00e4lp av speciell programvara som [&hellip;]<\/p>\n","protected":false},"author":1,"featured_media":0,"parent":0,"menu_order":0,"comment_status":"closed","ping_status":"closed","template":"elementor_header_footer","meta":{"footnotes":""},"class_list":["post-368","page","type-page","status-publish","hentry"],"yoast_head":"<!-- This site is optimized with the Yoast SEO plugin v27.3 - https:\/\/yoast.com\/product\/yoast-seo-wordpress\/ -->\n<title>Team Manager Profile - Koching<\/title>\n<meta name=\"description\" content=\"Team Manager Profile, \u00e4r ett verktyg f\u00f6r att utveckla ett f\u00f6retags arbetsledning och team som jag anv\u00e4nder med framg\u00e5ng med mina kunder.\" \/>\n<meta name=\"robots\" content=\"index, follow, max-snippet:-1, max-image-preview:large, max-video-preview:-1\" \/>\n<link rel=\"canonical\" href=\"https:\/\/www.koching.se\/?page_id=368\" \/>\n<meta property=\"og:locale\" content=\"sv_SE\" \/>\n<meta property=\"og:type\" content=\"article\" \/>\n<meta property=\"og:title\" content=\"Team Manager Profile - Koching\" \/>\n<meta property=\"og:description\" content=\"Team Manager Profile, \u00e4r ett verktyg f\u00f6r att utveckla ett f\u00f6retags arbetsledning och team som jag anv\u00e4nder med framg\u00e5ng med mina kunder.\" \/>\n<meta property=\"og:url\" content=\"https:\/\/www.koching.se\/?page_id=368\" \/>\n<meta property=\"og:site_name\" content=\"Koching\" \/>\n<meta property=\"article:publisher\" content=\"https:\/\/www.facebook.com\/koching.4.personlig.utveckling\" \/>\n<meta property=\"article:modified_time\" content=\"2025-05-27T12:10:22+00:00\" \/>\n<meta property=\"og:image\" content=\"https:\/\/www.koching.se\/wp-content\/uploads\/2023\/07\/granska-300x300-1.jpg\" \/>\n<meta name=\"twitter:card\" content=\"summary_large_image\" \/>\n<script type=\"application\/ld+json\" class=\"yoast-schema-graph\">{\"@context\":\"https:\\\/\\\/schema.org\",\"@graph\":[{\"@type\":\"WebPage\",\"@id\":\"https:\\\/\\\/www.koching.se\\\/?page_id=368\",\"url\":\"https:\\\/\\\/www.koching.se\\\/?page_id=368\",\"name\":\"Team Manager Profile - Koching\",\"isPartOf\":{\"@id\":\"https:\\\/\\\/www.koching.se\\\/#website\"},\"primaryImageOfPage\":{\"@id\":\"https:\\\/\\\/www.koching.se\\\/?page_id=368#primaryimage\"},\"image\":{\"@id\":\"https:\\\/\\\/www.koching.se\\\/?page_id=368#primaryimage\"},\"thumbnailUrl\":\"https:\\\/\\\/www.koching.se\\\/wp-content\\\/uploads\\\/2023\\\/07\\\/granska-300x300-1.jpg\",\"datePublished\":\"2023-07-09T14:34:51+00:00\",\"dateModified\":\"2025-05-27T12:10:22+00:00\",\"description\":\"Team Manager Profile, \u00e4r ett verktyg f\u00f6r att utveckla ett f\u00f6retags arbetsledning och team som jag anv\u00e4nder med framg\u00e5ng med mina kunder.\",\"breadcrumb\":{\"@id\":\"https:\\\/\\\/www.koching.se\\\/?page_id=368#breadcrumb\"},\"inLanguage\":\"sv-SE\",\"potentialAction\":[{\"@type\":\"ReadAction\",\"target\":[\"https:\\\/\\\/www.koching.se\\\/?page_id=368\"]}]},{\"@type\":\"ImageObject\",\"inLanguage\":\"sv-SE\",\"@id\":\"https:\\\/\\\/www.koching.se\\\/?page_id=368#primaryimage\",\"url\":\"https:\\\/\\\/www.koching.se\\\/wp-content\\\/uploads\\\/2023\\\/07\\\/granska-300x300-1.jpg\",\"contentUrl\":\"https:\\\/\\\/www.koching.se\\\/wp-content\\\/uploads\\\/2023\\\/07\\\/granska-300x300-1.jpg\",\"width\":300,\"height\":300,\"caption\":\"Team Manager Profile koching\"},{\"@type\":\"BreadcrumbList\",\"@id\":\"https:\\\/\\\/www.koching.se\\\/?page_id=368#breadcrumb\",\"itemListElement\":[{\"@type\":\"ListItem\",\"position\":1,\"name\":\"Hem\",\"item\":\"https:\\\/\\\/www.koching.se\\\/\"},{\"@type\":\"ListItem\",\"position\":2,\"name\":\"Team Manager Profile\"}]},{\"@type\":\"WebSite\",\"@id\":\"https:\\\/\\\/www.koching.se\\\/#website\",\"url\":\"https:\\\/\\\/www.koching.se\\\/\",\"name\":\"Koching AB\",\"description\":\"\",\"publisher\":{\"@id\":\"https:\\\/\\\/www.koching.se\\\/#organization\"},\"potentialAction\":[{\"@type\":\"SearchAction\",\"target\":{\"@type\":\"EntryPoint\",\"urlTemplate\":\"https:\\\/\\\/www.koching.se\\\/?s={search_term_string}\"},\"query-input\":{\"@type\":\"PropertyValueSpecification\",\"valueRequired\":true,\"valueName\":\"search_term_string\"}}],\"inLanguage\":\"sv-SE\"},{\"@type\":\"Organization\",\"@id\":\"https:\\\/\\\/www.koching.se\\\/#organization\",\"name\":\"Koching AB\",\"url\":\"https:\\\/\\\/www.koching.se\\\/\",\"logo\":{\"@type\":\"ImageObject\",\"inLanguage\":\"sv-SE\",\"@id\":\"https:\\\/\\\/www.koching.se\\\/#\\\/schema\\\/logo\\\/image\\\/\",\"url\":\"https:\\\/\\\/www.koching.se\\\/wp-content\\\/uploads\\\/2023\\\/07\\\/site_logo.png\",\"contentUrl\":\"https:\\\/\\\/www.koching.se\\\/wp-content\\\/uploads\\\/2023\\\/07\\\/site_logo.png\",\"width\":1200,\"height\":352,\"caption\":\"Koching AB\"},\"image\":{\"@id\":\"https:\\\/\\\/www.koching.se\\\/#\\\/schema\\\/logo\\\/image\\\/\"},\"sameAs\":[\"https:\\\/\\\/www.facebook.com\\\/koching.4.personlig.utveckling\",\"https:\\\/\\\/www.linkedin.com\\\/company\\\/koching-ab\"]}]}<\/script>\n<!-- \/ Yoast SEO plugin. -->","yoast_head_json":{"title":"Team Manager Profile - Koching","description":"Team Manager Profile, \u00e4r ett verktyg f\u00f6r att utveckla ett f\u00f6retags arbetsledning och team som jag anv\u00e4nder med framg\u00e5ng med mina kunder.","robots":{"index":"index","follow":"follow","max-snippet":"max-snippet:-1","max-image-preview":"max-image-preview:large","max-video-preview":"max-video-preview:-1"},"canonical":"https:\/\/www.koching.se\/?page_id=368","og_locale":"sv_SE","og_type":"article","og_title":"Team Manager Profile - Koching","og_description":"Team Manager Profile, \u00e4r ett verktyg f\u00f6r att utveckla ett f\u00f6retags arbetsledning och team som jag anv\u00e4nder med framg\u00e5ng med mina kunder.","og_url":"https:\/\/www.koching.se\/?page_id=368","og_site_name":"Koching","article_publisher":"https:\/\/www.facebook.com\/koching.4.personlig.utveckling","article_modified_time":"2025-05-27T12:10:22+00:00","og_image":[{"url":"https:\/\/www.koching.se\/wp-content\/uploads\/2023\/07\/granska-300x300-1.jpg","type":"","width":"","height":""}],"twitter_card":"summary_large_image","schema":{"@context":"https:\/\/schema.org","@graph":[{"@type":"WebPage","@id":"https:\/\/www.koching.se\/?page_id=368","url":"https:\/\/www.koching.se\/?page_id=368","name":"Team Manager Profile - Koching","isPartOf":{"@id":"https:\/\/www.koching.se\/#website"},"primaryImageOfPage":{"@id":"https:\/\/www.koching.se\/?page_id=368#primaryimage"},"image":{"@id":"https:\/\/www.koching.se\/?page_id=368#primaryimage"},"thumbnailUrl":"https:\/\/www.koching.se\/wp-content\/uploads\/2023\/07\/granska-300x300-1.jpg","datePublished":"2023-07-09T14:34:51+00:00","dateModified":"2025-05-27T12:10:22+00:00","description":"Team Manager Profile, \u00e4r ett verktyg f\u00f6r att utveckla ett f\u00f6retags arbetsledning och team som jag anv\u00e4nder med framg\u00e5ng med mina kunder.","breadcrumb":{"@id":"https:\/\/www.koching.se\/?page_id=368#breadcrumb"},"inLanguage":"sv-SE","potentialAction":[{"@type":"ReadAction","target":["https:\/\/www.koching.se\/?page_id=368"]}]},{"@type":"ImageObject","inLanguage":"sv-SE","@id":"https:\/\/www.koching.se\/?page_id=368#primaryimage","url":"https:\/\/www.koching.se\/wp-content\/uploads\/2023\/07\/granska-300x300-1.jpg","contentUrl":"https:\/\/www.koching.se\/wp-content\/uploads\/2023\/07\/granska-300x300-1.jpg","width":300,"height":300,"caption":"Team Manager Profile koching"},{"@type":"BreadcrumbList","@id":"https:\/\/www.koching.se\/?page_id=368#breadcrumb","itemListElement":[{"@type":"ListItem","position":1,"name":"Hem","item":"https:\/\/www.koching.se\/"},{"@type":"ListItem","position":2,"name":"Team Manager Profile"}]},{"@type":"WebSite","@id":"https:\/\/www.koching.se\/#website","url":"https:\/\/www.koching.se\/","name":"Koching AB","description":"","publisher":{"@id":"https:\/\/www.koching.se\/#organization"},"potentialAction":[{"@type":"SearchAction","target":{"@type":"EntryPoint","urlTemplate":"https:\/\/www.koching.se\/?s={search_term_string}"},"query-input":{"@type":"PropertyValueSpecification","valueRequired":true,"valueName":"search_term_string"}}],"inLanguage":"sv-SE"},{"@type":"Organization","@id":"https:\/\/www.koching.se\/#organization","name":"Koching AB","url":"https:\/\/www.koching.se\/","logo":{"@type":"ImageObject","inLanguage":"sv-SE","@id":"https:\/\/www.koching.se\/#\/schema\/logo\/image\/","url":"https:\/\/www.koching.se\/wp-content\/uploads\/2023\/07\/site_logo.png","contentUrl":"https:\/\/www.koching.se\/wp-content\/uploads\/2023\/07\/site_logo.png","width":1200,"height":352,"caption":"Koching AB"},"image":{"@id":"https:\/\/www.koching.se\/#\/schema\/logo\/image\/"},"sameAs":["https:\/\/www.facebook.com\/koching.4.personlig.utveckling","https:\/\/www.linkedin.com\/company\/koching-ab"]}]}},"_links":{"self":[{"href":"https:\/\/www.koching.se\/index.php?rest_route=\/wp\/v2\/pages\/368","targetHints":{"allow":["GET"]}}],"collection":[{"href":"https:\/\/www.koching.se\/index.php?rest_route=\/wp\/v2\/pages"}],"about":[{"href":"https:\/\/www.koching.se\/index.php?rest_route=\/wp\/v2\/types\/page"}],"author":[{"embeddable":true,"href":"https:\/\/www.koching.se\/index.php?rest_route=\/wp\/v2\/users\/1"}],"replies":[{"embeddable":true,"href":"https:\/\/www.koching.se\/index.php?rest_route=%2Fwp%2Fv2%2Fcomments&post=368"}],"version-history":[{"count":79,"href":"https:\/\/www.koching.se\/index.php?rest_route=\/wp\/v2\/pages\/368\/revisions"}],"predecessor-version":[{"id":1614,"href":"https:\/\/www.koching.se\/index.php?rest_route=\/wp\/v2\/pages\/368\/revisions\/1614"}],"wp:attachment":[{"href":"https:\/\/www.koching.se\/index.php?rest_route=%2Fwp%2Fv2%2Fmedia&parent=368"}],"curies":[{"name":"wp","href":"https:\/\/api.w.org\/{rel}","templated":true}]}}