{"id":333,"date":"2023-07-09T16:04:12","date_gmt":"2023-07-09T14:04:12","guid":{"rendered":"https:\/\/www.koching.se\/?page_id=333"},"modified":"2025-05-27T14:08:41","modified_gmt":"2025-05-27T12:08:41","slug":"om-mig","status":"publish","type":"page","link":"https:\/\/www.koching.se\/?page_id=333","title":{"rendered":"Om mig"},"content":{"rendered":"\t\t<div data-elementor-type=\"wp-page\" data-elementor-id=\"333\" class=\"elementor elementor-333\">\n\t\t\t\t<div class=\"elementor-element elementor-element-06dce8c e-flex e-con-boxed e-con e-parent\" data-id=\"06dce8c\" data-element_type=\"container\" data-e-type=\"container\">\n\t\t\t\t\t<div class=\"e-con-inner\">\n\t\t<div class=\"elementor-element elementor-element-d70f78e e-flex e-con-boxed e-con e-child\" data-id=\"d70f78e\" data-element_type=\"container\" data-e-type=\"container\">\n\t\t\t\t\t<div class=\"e-con-inner\">\n\t\t\t\t<div class=\"elementor-element elementor-element-3eafe5d elementor-widget-divider--view-line_text elementor-widget-divider--element-align-left elementor-widget elementor-widget-divider\" data-id=\"3eafe5d\" data-element_type=\"widget\" data-e-type=\"widget\" data-widget_type=\"divider.default\">\n\t\t\t\t<div class=\"elementor-widget-container\">\n\t\t\t\t\t\t\t<div class=\"elementor-divider\">\n\t\t\t<span class=\"elementor-divider-separator\">\n\t\t\t\t\t\t\t<h1 class=\"elementor-divider__text elementor-divider__element\">\n\t\t\t\tOm Mikael Laweby\t\t\t\t<\/h1>\n\t\t\t\t\t\t<\/span>\n\t\t<\/div>\n\t\t\t\t\t\t<\/div>\n\t\t\t\t<\/div>\n\t\t\t\t<div class=\"elementor-element elementor-element-14589ff elementor-widget elementor-widget-heading\" data-id=\"14589ff\" data-element_type=\"widget\" data-e-type=\"widget\" data-widget_type=\"heading.default\">\n\t\t\t\t<div class=\"elementor-widget-container\">\n\t\t\t\t\t<h2 class=\"elementor-heading-title elementor-size-default\">Mikael Laweby<\/h2>\t\t\t\t<\/div>\n\t\t\t\t<\/div>\n\t\t\t\t<div class=\"elementor-element elementor-element-59639e4 elementor-widget elementor-widget-text-editor\" data-id=\"59639e4\" data-element_type=\"widget\" data-e-type=\"widget\" data-widget_type=\"text-editor.default\">\n\t\t\t\t<div class=\"elementor-widget-container\">\n\t\t\t\t\t\t\t\t\t<p><strong>&#8221;Du har f\u00f6rm\u00e5gan&#8221;<\/strong><\/p>\t\t\t\t\t\t\t\t<\/div>\n\t\t\t\t<\/div>\n\t\t\t\t<div class=\"elementor-element elementor-element-9181c17 elementor-widget elementor-widget-text-editor\" data-id=\"9181c17\" data-element_type=\"widget\" data-e-type=\"widget\" data-widget_type=\"text-editor.default\">\n\t\t\t\t<div class=\"elementor-widget-container\">\n\t\t\t\t\t\t\t\t\t<p>Hej! Det \u00e4r jag som \u00e4r Mikael Laweby. En av styrkorna med en ledarutvecklare \u00e4r de kraftfulla fr\u00e5gorna. Genom att st\u00e4lla kraftfulla fr\u00e5gor, f\u00e5r mottagaren fundera extra. En kund till mig tog kontakt efter ett par \u00e5r och sa \u201djag beh\u00f6ver den d\u00e4r jobbiga rackarn som st\u00e4ller fr\u00e5gor till mig\u201d. Jag tog det som en positiv komplimang \u2013 deltagaren beh\u00f6vde bli utmanad i sina tankar. Det \u00e4r vad coaching inneb\u00e4r \u2013 att bli utmanad och fr\u00e5n det kunna se sina f\u00f6rm\u00e5gor och sedan anv\u00e4nda dem. Det \u00e4r vad ledarutveckling inneb\u00e4r \u2013 att bli utmanad och d\u00e4rmed kunna se sina f\u00f6rm\u00e5gor f\u00f6r att b\u00f6rja agera.<\/p><h4>V\u00e4lkommen att se dina f\u00f6rm\u00e5gor! Mvh Mikael Laweby<\/h4>\t\t\t\t\t\t\t\t<\/div>\n\t\t\t\t<\/div>\n\t\t\t\t<div class=\"elementor-element elementor-element-a3e1644 elementor-widget elementor-widget-text-editor\" data-id=\"a3e1644\" data-element_type=\"widget\" data-e-type=\"widget\" data-widget_type=\"text-editor.default\">\n\t\t\t\t<div class=\"elementor-widget-container\">\n\t\t\t\t\t\t\t\t\t<p><strong>Utbildning:<\/strong><br \/>Advanced Coach Program, Professional Certified Coach \u2013 PCC enl ICF (<a href=\"https:\/\/coachingfederation.org\/\">International Coaching Federation<\/a>), <a href=\"https:\/\/www.koching.se\/?page_id=204\">DISC deluxe<\/a>, Motivator, <a href=\"https:\/\/www.koching.se\/?page_id=368\">Team Manager Profile<\/a>, Feedbackledare f\u00f6r Feedbackspelet.<\/p><p><strong>Tidigare karri\u00e4r:<\/strong><br \/>Inom industrin, aff\u00e4rssystem, hemelektronik, utbildat inom pc och aff\u00e4rssystem, HR och l\u00f6nehantering, egenf\u00f6retagare och coach i +10 \u00e5r.<\/p><p><strong>P\u00e5 fritiden:<\/strong><br \/>Mina barn skulle s\u00e4ga \u201dchilla\u201d \u2013 tycker om att ta saker med ro, men \u00e4ven tr\u00e4na och d\u00e5 helst cykling.<\/p><p><strong>Lyssnar p\u00e5:<\/strong><br \/>Lyssnar p\u00e5 olika poddar f\u00f6r att h\u00e5lla mig aktuell inom flera omr\u00e5den<\/p><p><strong>Jag \u00e4r bra p\u00e5:<\/strong><br \/>Utbilda och lyssna.<\/p><p><strong>Jag \u00e4r mindre bra p\u00e5:<\/strong><br \/>T\u00e5lamod.<\/p><p><strong>Favoritresa:<\/strong><br \/>Den som \u00e4r tillsammans med min fru<\/p>\t\t\t\t\t\t\t\t<\/div>\n\t\t\t\t<\/div>\n\t\t\t\t<div class=\"elementor-element elementor-element-00e1013 elementor-widget__width-initial elementor-widget elementor-widget-text-editor\" data-id=\"00e1013\" data-element_type=\"widget\" data-e-type=\"widget\" data-widget_type=\"text-editor.default\">\n\t\t\t\t<div class=\"elementor-widget-container\">\n\t\t\t\t\t\t\t\t\t<p><strong>Ja tack, jag \u00e4r intresserad<\/strong><br \/>\u2709\ufe0f <a href=\"mailto:mikael.laweby@koching.se\">SKICKA OSS ETT E-MAIL&gt;&gt;<\/a><\/p><p>Var v\u00e4nlig klicka <a href=\"https:\/\/www.koching.se\/kontakt\">p\u00e5 l\u00e4nken<\/a> f\u00f6r att skicka ett mail med dina kontaktuppgifter.<\/p><p>Med v\u00e4nliga h\u00e4lsningar, <br \/><strong>Mikael Laweby<\/strong><\/p>\t\t\t\t\t\t\t\t<\/div>\n\t\t\t\t<\/div>\n\t\t\t\t\t<\/div>\n\t\t\t\t<\/div>\n\t\t<div class=\"elementor-element elementor-element-392b917 e-flex e-con-boxed e-con e-child\" data-id=\"392b917\" data-element_type=\"container\" data-e-type=\"container\">\n\t\t\t\t\t<div class=\"e-con-inner\">\n\t\t\t\t<div class=\"elementor-element elementor-element-b2efe73 elementor-widget elementor-widget-image\" data-id=\"b2efe73\" data-element_type=\"widget\" data-e-type=\"widget\" data-widget_type=\"image.default\">\n\t\t\t\t<div class=\"elementor-widget-container\">\n\t\t\t\t\t\t\t\t\t\t\t\t<figure class=\"wp-caption\">\n\t\t\t\t\t\t\t\t\t\t<img fetchpriority=\"high\" decoding=\"async\" width=\"600\" height=\"900\" src=\"https:\/\/www.koching.se\/wp-content\/uploads\/2023\/07\/michael_laweby_koching5-600x900-1-e1688999814482.png\" class=\"attachment-large size-large wp-image-340\" alt=\"Mikael Laweby\" srcset=\"https:\/\/www.koching.se\/wp-content\/uploads\/2023\/07\/michael_laweby_koching5-600x900-1-e1688999814482.png 600w, https:\/\/www.koching.se\/wp-content\/uploads\/2023\/07\/michael_laweby_koching5-600x900-1-e1688999814482-200x300.png 200w\" sizes=\"(max-width: 600px) 100vw, 600px\" \/>\t\t\t\t\t\t\t\t\t\t\t<figcaption class=\"widget-image-caption wp-caption-text\">Det \u00e4r jag som \u00e4r Mikael Laweby<\/figcaption>\n\t\t\t\t\t\t\t\t\t\t<\/figure>\n\t\t\t\t\t\t\t\t\t<\/div>\n\t\t\t\t<\/div>\n\t\t\t\t<div class=\"elementor-element elementor-element-9d11bb2 elementor-widget elementor-widget-video\" data-id=\"9d11bb2\" data-element_type=\"widget\" data-e-type=\"widget\" data-settings=\"{&quot;youtube_url&quot;:&quot;https:\\\/\\\/youtu.be\\\/BxMxIbKUrQ0&quot;,&quot;video_type&quot;:&quot;youtube&quot;,&quot;controls&quot;:&quot;yes&quot;}\" data-widget_type=\"video.default\">\n\t\t\t\t<div class=\"elementor-widget-container\">\n\t\t\t\t\t\t\t<div class=\"elementor-wrapper elementor-open-inline\">\n\t\t\t<div class=\"elementor-video\"><\/div>\t\t<\/div>\n\t\t\t\t\t\t<\/div>\n\t\t\t\t<\/div>\n\t\t\t\t\t<\/div>\n\t\t\t\t<\/div>\n\t\t\t\t\t<\/div>\n\t\t\t\t<\/div>\n\t\t<div class=\"elementor-element elementor-element-54c9409 e-flex e-con-boxed e-con e-parent\" data-id=\"54c9409\" data-element_type=\"container\" data-e-type=\"container\">\n\t\t\t\t\t<div class=\"e-con-inner\">\n\t\t\t\t<div class=\"elementor-element elementor-element-662ec45 elementor-widget elementor-widget-text-editor\" data-id=\"662ec45\" data-element_type=\"widget\" data-e-type=\"widget\" data-widget_type=\"text-editor.default\">\n\t\t\t\t<div class=\"elementor-widget-container\">\n\t\t\t\t\t\t\t\t\t<p><img decoding=\"async\" class=\"aligncenter size-full wp-image-1142\" src=\"https:\/\/www.koching.se\/wp-content\/uploads\/2024\/10\/laweby-linkedin.png\" alt=\"Mikael Laweby p\u00e5 linkedin samt p\u00e5 Diploma Utbildning\" width=\"993\" height=\"308\" srcset=\"https:\/\/www.koching.se\/wp-content\/uploads\/2024\/10\/laweby-linkedin.png 993w, https:\/\/www.koching.se\/wp-content\/uploads\/2024\/10\/laweby-linkedin-300x93.png 300w, https:\/\/www.koching.se\/wp-content\/uploads\/2024\/10\/laweby-linkedin-768x238.png 768w\" sizes=\"(max-width: 993px) 100vw, 993px\" \/><\/p><h2 style=\"text-align: center;\"><strong>F\u00f6lj mig och Koching p\u00e5 sociala medier!\u00a0<\/strong><\/h2><p style=\"text-align: center;\"><strong><a href=\"https:\/\/www.linkedin.com\/in\/mikaellaweby\/\">Mikael Laweby p\u00e5 LinkedIn<\/a> \u2013 <a href=\"https:\/\/www.linkedin.com\/company\/koching-ab\/\">Koching p\u00e5 LinkedIn<\/a> \u2013 <a href=\"https:\/\/www.facebook.com\/profile.php?id=61568883440801\">Koching p\u00e5 Facebook<\/a> \u2013 <a href=\"https:\/\/www.instagram.com\/koching.se\/\">Koching p\u00e5 Instagram<\/a> \u2013 <a href=\"https:\/\/www.youtube.com\/@mikaellawebykoching4758\">Koching p\u00e5 Youtube\u00a0<\/a><\/strong><\/p><p style=\"text-align: center;\">Du kan \u00e4ven\u00a0<strong><a href=\"https:\/\/www.koching.se\/?page_id=254\">kontakta mig<\/a>\u00a0<\/strong>samt best\u00e4lla boken\u00a0<strong><a href=\"https:\/\/kurs.koching.se\/att-leda\">Att leda \u2013 Fr\u00e5n insikt till handling<\/a><\/strong>\u00a0och boken\u00a0<a href=\"https:\/\/www.koching.se\/?page_id=330\"><strong>Din GPS f\u00f6r personlig utveckling<\/strong><\/a>\u00a0direkt fr\u00e5n mig.<\/p>\t\t\t\t\t\t\t\t<\/div>\n\t\t\t\t<\/div>\n\t\t\t\t<div class=\"elementor-element elementor-element-0ef6ddf elementor-widget elementor-widget-text-editor\" data-id=\"0ef6ddf\" data-element_type=\"widget\" data-e-type=\"widget\" data-widget_type=\"text-editor.default\">\n\t\t\t\t<div class=\"elementor-widget-container\">\n\t\t\t\t\t\t\t\t\t<p class=\"elementor-image-box-description\" style=\"text-align: center;\"><em>&#8221;Efter att ha tr\u00e4ffat Mikael Laweby via olika aff\u00e4rsn\u00e4tverk och l\u00e4rt k\u00e4nna honom v\u00e4l i sin yrkesroll som coach och DISC-expert kan jag varmt rekommendera hans tj\u00e4nster. Vi p\u00e5 PLW Elteknik har under v\u00e5ren inlett ett mycket givande samarbete med Koching och Mikael Laweby d\u00e4r han analyserar v\u00e5ra DISC-profiler och ger oss ett anpassat fr\u00e5gebatteri inf\u00f6r rekryteringar och m\u00f6ten med kandidater. Mikael har en fantastisk f\u00f6rm\u00e5ga att dra fram viktiga aspekter fr\u00e5n den omfattande DISC-profilen och kondensera ner den till ett antal viktiga och anpassade fr\u00e5gor som vi anv\u00e4nder under v\u00e5ra intervjuer och som blir ett viktigt verktyg. Anv\u00e4nder \u00e4ven ni i ert f\u00f6retag DISC-analysen som ett diskussionsunderlag vid rekryteringar s\u00e5 rekommenderar jag att Mikael hj\u00e4lper er med analysen innan intervjun!&#8221;<\/em><\/p><h5 class=\"elementor-image-box-title\" style=\"text-align: center;\">Michael Wid\u00e9n &#8211; avdelningschef och marknadschef p\u00e5 PLW Elteknik<\/h5>\t\t\t\t\t\t\t\t<\/div>\n\t\t\t\t<\/div>\n\t\t\t\t\t<\/div>\n\t\t\t\t<\/div>\n\t\t<div class=\"elementor-element elementor-element-5434540 e-grid e-con-boxed e-con e-parent\" data-id=\"5434540\" data-element_type=\"container\" data-e-type=\"container\">\n\t\t\t\t\t<div class=\"e-con-inner\">\n\t\t\t\t\t<\/div>\n\t\t\t\t<\/div>\n\t\t<div class=\"elementor-element elementor-element-5665ed1 e-flex e-con-boxed e-con e-parent\" data-id=\"5665ed1\" data-element_type=\"container\" data-e-type=\"container\">\n\t\t\t\t\t<div class=\"e-con-inner\">\n\t\t\t\t\t<\/div>\n\t\t\t\t<\/div>\n\t\t\t\t<\/div>\n\t\t","protected":false},"excerpt":{"rendered":"<p>Om Mikael Laweby Mikael Laweby &#8221;Du har f\u00f6rm\u00e5gan&#8221; Hej! Det \u00e4r jag som \u00e4r Mikael Laweby. En av styrkorna med en ledarutvecklare \u00e4r de kraftfulla fr\u00e5gorna. Genom att st\u00e4lla kraftfulla fr\u00e5gor, f\u00e5r mottagaren fundera extra. En kund till mig tog kontakt efter ett par \u00e5r och sa \u201djag beh\u00f6ver den d\u00e4r jobbiga rackarn som st\u00e4ller [&hellip;]<\/p>\n","protected":false},"author":1,"featured_media":0,"parent":0,"menu_order":0,"comment_status":"closed","ping_status":"closed","template":"elementor_header_footer","meta":{"footnotes":""},"class_list":["post-333","page","type-page","status-publish","hentry"],"yoast_head":"<!-- This site is optimized with the Yoast SEO plugin v27.3 - https:\/\/yoast.com\/product\/yoast-seo-wordpress\/ -->\n<title>Om mig - Koching<\/title>\n<meta name=\"description\" content=\"H\u00e4r kan du l\u00e4sa mer om coachen Mikael Laweby, ta del av bra coachinfo samt f\u00e5 tips p\u00e5 b\u00f6cker och verktyg som g\u00f6r att du n\u00e5r dina m\u00e5l\" \/>\n<meta name=\"robots\" content=\"index, follow, max-snippet:-1, max-image-preview:large, max-video-preview:-1\" \/>\n<link rel=\"canonical\" href=\"https:\/\/www.koching.se\/?page_id=333\" \/>\n<meta property=\"og:locale\" content=\"sv_SE\" \/>\n<meta property=\"og:type\" content=\"article\" \/>\n<meta property=\"og:title\" content=\"Om mig - Koching\" \/>\n<meta property=\"og:description\" content=\"H\u00e4r kan du l\u00e4sa mer om coachen Mikael Laweby, ta del av bra coachinfo samt f\u00e5 tips p\u00e5 b\u00f6cker och verktyg som g\u00f6r att du n\u00e5r dina m\u00e5l\" \/>\n<meta property=\"og:url\" content=\"https:\/\/www.koching.se\/?page_id=333\" \/>\n<meta property=\"og:site_name\" content=\"Koching\" \/>\n<meta property=\"article:publisher\" content=\"https:\/\/www.facebook.com\/koching.4.personlig.utveckling\" \/>\n<meta property=\"article:modified_time\" content=\"2025-05-27T12:08:41+00:00\" \/>\n<meta property=\"og:image\" content=\"https:\/\/www.koching.se\/wp-content\/uploads\/2023\/07\/michael_laweby_koching5-600x900-1-e1688999814482.png\" \/>\n<meta name=\"twitter:card\" content=\"summary_large_image\" \/>\n<meta name=\"twitter:label1\" content=\"Ber\u00e4knad l\u00e4stid\" \/>\n\t<meta name=\"twitter:data1\" content=\"3 minuter\" \/>\n<script type=\"application\/ld+json\" class=\"yoast-schema-graph\">{\"@context\":\"https:\\\/\\\/schema.org\",\"@graph\":[{\"@type\":\"WebPage\",\"@id\":\"https:\\\/\\\/www.koching.se\\\/?page_id=333\",\"url\":\"https:\\\/\\\/www.koching.se\\\/?page_id=333\",\"name\":\"Om mig - Koching\",\"isPartOf\":{\"@id\":\"https:\\\/\\\/www.koching.se\\\/#website\"},\"primaryImageOfPage\":{\"@id\":\"https:\\\/\\\/www.koching.se\\\/?page_id=333#primaryimage\"},\"image\":{\"@id\":\"https:\\\/\\\/www.koching.se\\\/?page_id=333#primaryimage\"},\"thumbnailUrl\":\"https:\\\/\\\/www.koching.se\\\/wp-content\\\/uploads\\\/2023\\\/07\\\/michael_laweby_koching5-600x900-1-e1688999814482.png\",\"datePublished\":\"2023-07-09T14:04:12+00:00\",\"dateModified\":\"2025-05-27T12:08:41+00:00\",\"description\":\"H\u00e4r kan du l\u00e4sa mer om coachen Mikael Laweby, ta del av bra coachinfo samt f\u00e5 tips p\u00e5 b\u00f6cker och verktyg som g\u00f6r att du n\u00e5r dina m\u00e5l\",\"breadcrumb\":{\"@id\":\"https:\\\/\\\/www.koching.se\\\/?page_id=333#breadcrumb\"},\"inLanguage\":\"sv-SE\",\"potentialAction\":[{\"@type\":\"ReadAction\",\"target\":[\"https:\\\/\\\/www.koching.se\\\/?page_id=333\"]}]},{\"@type\":\"ImageObject\",\"inLanguage\":\"sv-SE\",\"@id\":\"https:\\\/\\\/www.koching.se\\\/?page_id=333#primaryimage\",\"url\":\"https:\\\/\\\/www.koching.se\\\/wp-content\\\/uploads\\\/2023\\\/07\\\/michael_laweby_koching5-600x900-1-e1688999814482.png\",\"contentUrl\":\"https:\\\/\\\/www.koching.se\\\/wp-content\\\/uploads\\\/2023\\\/07\\\/michael_laweby_koching5-600x900-1-e1688999814482.png\",\"width\":600,\"height\":900,\"caption\":\"Mikael Laweby\"},{\"@type\":\"BreadcrumbList\",\"@id\":\"https:\\\/\\\/www.koching.se\\\/?page_id=333#breadcrumb\",\"itemListElement\":[{\"@type\":\"ListItem\",\"position\":1,\"name\":\"Hem\",\"item\":\"https:\\\/\\\/www.koching.se\\\/\"},{\"@type\":\"ListItem\",\"position\":2,\"name\":\"Om mig\"}]},{\"@type\":\"WebSite\",\"@id\":\"https:\\\/\\\/www.koching.se\\\/#website\",\"url\":\"https:\\\/\\\/www.koching.se\\\/\",\"name\":\"Koching AB\",\"description\":\"\",\"publisher\":{\"@id\":\"https:\\\/\\\/www.koching.se\\\/#organization\"},\"potentialAction\":[{\"@type\":\"SearchAction\",\"target\":{\"@type\":\"EntryPoint\",\"urlTemplate\":\"https:\\\/\\\/www.koching.se\\\/?s={search_term_string}\"},\"query-input\":{\"@type\":\"PropertyValueSpecification\",\"valueRequired\":true,\"valueName\":\"search_term_string\"}}],\"inLanguage\":\"sv-SE\"},{\"@type\":\"Organization\",\"@id\":\"https:\\\/\\\/www.koching.se\\\/#organization\",\"name\":\"Koching AB\",\"url\":\"https:\\\/\\\/www.koching.se\\\/\",\"logo\":{\"@type\":\"ImageObject\",\"inLanguage\":\"sv-SE\",\"@id\":\"https:\\\/\\\/www.koching.se\\\/#\\\/schema\\\/logo\\\/image\\\/\",\"url\":\"https:\\\/\\\/www.koching.se\\\/wp-content\\\/uploads\\\/2023\\\/07\\\/site_logo.png\",\"contentUrl\":\"https:\\\/\\\/www.koching.se\\\/wp-content\\\/uploads\\\/2023\\\/07\\\/site_logo.png\",\"width\":1200,\"height\":352,\"caption\":\"Koching AB\"},\"image\":{\"@id\":\"https:\\\/\\\/www.koching.se\\\/#\\\/schema\\\/logo\\\/image\\\/\"},\"sameAs\":[\"https:\\\/\\\/www.facebook.com\\\/koching.4.personlig.utveckling\",\"https:\\\/\\\/www.linkedin.com\\\/company\\\/koching-ab\"]}]}<\/script>\n<!-- \/ Yoast SEO plugin. -->","yoast_head_json":{"title":"Om mig - Koching","description":"H\u00e4r kan du l\u00e4sa mer om coachen Mikael Laweby, ta del av bra coachinfo samt f\u00e5 tips p\u00e5 b\u00f6cker och verktyg som g\u00f6r att du n\u00e5r dina m\u00e5l","robots":{"index":"index","follow":"follow","max-snippet":"max-snippet:-1","max-image-preview":"max-image-preview:large","max-video-preview":"max-video-preview:-1"},"canonical":"https:\/\/www.koching.se\/?page_id=333","og_locale":"sv_SE","og_type":"article","og_title":"Om mig - Koching","og_description":"H\u00e4r kan du l\u00e4sa mer om coachen Mikael Laweby, ta del av bra coachinfo samt f\u00e5 tips p\u00e5 b\u00f6cker och verktyg som g\u00f6r att du n\u00e5r dina m\u00e5l","og_url":"https:\/\/www.koching.se\/?page_id=333","og_site_name":"Koching","article_publisher":"https:\/\/www.facebook.com\/koching.4.personlig.utveckling","article_modified_time":"2025-05-27T12:08:41+00:00","og_image":[{"url":"https:\/\/www.koching.se\/wp-content\/uploads\/2023\/07\/michael_laweby_koching5-600x900-1-e1688999814482.png","type":"","width":"","height":""}],"twitter_card":"summary_large_image","twitter_misc":{"Ber\u00e4knad l\u00e4stid":"3 minuter"},"schema":{"@context":"https:\/\/schema.org","@graph":[{"@type":"WebPage","@id":"https:\/\/www.koching.se\/?page_id=333","url":"https:\/\/www.koching.se\/?page_id=333","name":"Om mig - Koching","isPartOf":{"@id":"https:\/\/www.koching.se\/#website"},"primaryImageOfPage":{"@id":"https:\/\/www.koching.se\/?page_id=333#primaryimage"},"image":{"@id":"https:\/\/www.koching.se\/?page_id=333#primaryimage"},"thumbnailUrl":"https:\/\/www.koching.se\/wp-content\/uploads\/2023\/07\/michael_laweby_koching5-600x900-1-e1688999814482.png","datePublished":"2023-07-09T14:04:12+00:00","dateModified":"2025-05-27T12:08:41+00:00","description":"H\u00e4r kan du l\u00e4sa mer om coachen Mikael Laweby, ta del av bra coachinfo samt f\u00e5 tips p\u00e5 b\u00f6cker och verktyg som g\u00f6r att du n\u00e5r dina m\u00e5l","breadcrumb":{"@id":"https:\/\/www.koching.se\/?page_id=333#breadcrumb"},"inLanguage":"sv-SE","potentialAction":[{"@type":"ReadAction","target":["https:\/\/www.koching.se\/?page_id=333"]}]},{"@type":"ImageObject","inLanguage":"sv-SE","@id":"https:\/\/www.koching.se\/?page_id=333#primaryimage","url":"https:\/\/www.koching.se\/wp-content\/uploads\/2023\/07\/michael_laweby_koching5-600x900-1-e1688999814482.png","contentUrl":"https:\/\/www.koching.se\/wp-content\/uploads\/2023\/07\/michael_laweby_koching5-600x900-1-e1688999814482.png","width":600,"height":900,"caption":"Mikael Laweby"},{"@type":"BreadcrumbList","@id":"https:\/\/www.koching.se\/?page_id=333#breadcrumb","itemListElement":[{"@type":"ListItem","position":1,"name":"Hem","item":"https:\/\/www.koching.se\/"},{"@type":"ListItem","position":2,"name":"Om mig"}]},{"@type":"WebSite","@id":"https:\/\/www.koching.se\/#website","url":"https:\/\/www.koching.se\/","name":"Koching AB","description":"","publisher":{"@id":"https:\/\/www.koching.se\/#organization"},"potentialAction":[{"@type":"SearchAction","target":{"@type":"EntryPoint","urlTemplate":"https:\/\/www.koching.se\/?s={search_term_string}"},"query-input":{"@type":"PropertyValueSpecification","valueRequired":true,"valueName":"search_term_string"}}],"inLanguage":"sv-SE"},{"@type":"Organization","@id":"https:\/\/www.koching.se\/#organization","name":"Koching AB","url":"https:\/\/www.koching.se\/","logo":{"@type":"ImageObject","inLanguage":"sv-SE","@id":"https:\/\/www.koching.se\/#\/schema\/logo\/image\/","url":"https:\/\/www.koching.se\/wp-content\/uploads\/2023\/07\/site_logo.png","contentUrl":"https:\/\/www.koching.se\/wp-content\/uploads\/2023\/07\/site_logo.png","width":1200,"height":352,"caption":"Koching AB"},"image":{"@id":"https:\/\/www.koching.se\/#\/schema\/logo\/image\/"},"sameAs":["https:\/\/www.facebook.com\/koching.4.personlig.utveckling","https:\/\/www.linkedin.com\/company\/koching-ab"]}]}},"_links":{"self":[{"href":"https:\/\/www.koching.se\/index.php?rest_route=\/wp\/v2\/pages\/333","targetHints":{"allow":["GET"]}}],"collection":[{"href":"https:\/\/www.koching.se\/index.php?rest_route=\/wp\/v2\/pages"}],"about":[{"href":"https:\/\/www.koching.se\/index.php?rest_route=\/wp\/v2\/types\/page"}],"author":[{"embeddable":true,"href":"https:\/\/www.koching.se\/index.php?rest_route=\/wp\/v2\/users\/1"}],"replies":[{"embeddable":true,"href":"https:\/\/www.koching.se\/index.php?rest_route=%2Fwp%2Fv2%2Fcomments&post=333"}],"version-history":[{"count":100,"href":"https:\/\/www.koching.se\/index.php?rest_route=\/wp\/v2\/pages\/333\/revisions"}],"predecessor-version":[{"id":1608,"href":"https:\/\/www.koching.se\/index.php?rest_route=\/wp\/v2\/pages\/333\/revisions\/1608"}],"wp:attachment":[{"href":"https:\/\/www.koching.se\/index.php?rest_route=%2Fwp%2Fv2%2Fmedia&parent=333"}],"curies":[{"name":"wp","href":"https:\/\/api.w.org\/{rel}","templated":true}]}}